66.249.74.77 - - [14/Sep/2026:21:26:12 -0300] "GET /183502348 HTTP/1.1" 200 159720 "-" "Mozilla/5.0 (Linux; Android 6.0.1; Nexus 5X Build/MMB29P) AppleWebKit/537.36 (KHTML, like Gecko) Chrome/152.0.7977.82 Mobile Safari/537.36 (compatible; GoogleOther)"
66.249.74.78 - - [14/Sep/2026:21:28:17 -0300] "GET /65337265 HTTP/1.1" 200 164815 "-" "Mozilla/5.0 (Linux; Android 6.0.1; Nexus 5X Build/MMB29P) AppleWebKit/537.36 (KHTML, like Gecko) Chrome/152.0.7977.82 Mobile Safari/537.36 (compatible; GoogleOther)"
66.249.74.78 - - [14/Sep/2026:21:29:58 -0300] "GET /685168596 HTTP/1.1" 200 164264 "-" "Mozilla/5.0 (Linux; Android 6.0.1; Nexus 5X Build/MMB29P) AppleWebKit/537.36 (KHTML, like Gecko) Chrome/152.0.7977.82 Mobile Safari/537.36 (compatible; GoogleOther)"
66.249.74.77 - - [14/Sep/2026:21:30:24 -0300] "GET /93780184 HTTP/1.1" 200 161854 "-" "Mozilla/5.0 (Linux; Android 6.0.1; Nexus 5X Build/MMB29P) AppleWebKit/537.36 (KHTML, like Gecko) Chrome/152.0.7977.82 Mobile Safari/537.36 (compatible; GoogleOther)"
66.249.74.76 - - [14/Sep/2026:21:30:55 -0300] "GET /special/090016435.html HTTP/1.1" 200 159603 "-" "Mozilla/5.0 (Linux; Android 6.0.1; Nexus 5X Build/MMB29P) AppleWebKit/537.36 (KHTML, like Gecko) Chrome/152.0.7977.82 Mobile Safari/537.36 (compatible; GoogleOther)"
66.249.74.78 - - [14/Sep/2026:21:32:34 -0300] "GET /2972883 HTTP/1.1" 200 162436 "-" "Mozilla/5.0 (Linux; Android 6.0.1; Nexus 5X Build/MMB29P) AppleWebKit/537.36 (KHTML, like Gecko) Chrome/152.0.7977.82 Mobile Safari/537.36 (compatible; GoogleOther)"
66.249.74.78 - - [14/Sep/2026:21:33:32 -0300] "GET /special/247045052.html HTTP/1.1" 200 162848 "-" "Mozilla/5.0 (Linux; Android 6.0.1; Nexus 5X Build/MMB29P) AppleWebKit/537.36 (KHTML, like Gecko) Chrome/152.0.7977.82 Mobile Safari/537.36 (compatible; Googlebot/2.1; +http://www.google.com/bot.html)"
66.249.74.76 - - [14/Sep/2026:21:33:45 -0300] "GET /5436167 HTTP/1.1" 200 159976 "-" "Mozilla/5.0 (Linux; Android 6.0.1; Nexus 5X Build/MMB29P) AppleWebKit/537.36 (KHTML, like Gecko) Chrome/152.0.7977.82 Mobile Safari/537.36 (compatible; GoogleOther)"
66.249.74.76 - - [14/Sep/2026:21:34:43 -0300] "GET /9909408 HTTP/1.1" 200 161871 "-" "Mozilla/5.0 (Linux; Android 6.0.1; Nexus 5X Build/MMB29P) AppleWebKit/537.36 (KHTML, like Gecko) Chrome/152.0.7977.82 Mobile Safari/537.36 (compatible; GoogleOther)"
66.249.74.77 - - [14/Sep/2026:21:36:11 -0300] "GET /?goods/042009016 HTTP/1.1" 200 165418 "-" "Mozilla/5.0 (Linux; Android 6.0.1; Nexus 5X Build/MMB29P) AppleWebKit/537.36 (KHTML, like Gecko) Chrome/152.0.7977.82 Mobile Safari/537.36 (compatible; Googlebot/2.1; +http://www.google.com/bot.html)"
66.249.74.77 - - [14/Sep/2026:21:36:50 -0300] "GET /678604061 HTTP/1.1" 200 169215 "-" "Mozilla/5.0 (Linux; Android 6.0.1; Nexus 5X Build/MMB29P) AppleWebKit/537.36 (KHTML, like Gecko) Chrome/152.0.7977.82 Mobile Safari/537.36 (compatible; GoogleOther)"
66.249.74.78 - - [14/Sep/2026:21:37:29 -0300] "GET /517029241 HTTP/1.1" 200 157096 "-" "Mozilla/5.0 (Linux; Android 6.0.1; Nexus 5X Build/MMB29P) AppleWebKit/537.36 (KHTML, like Gecko) Chrome/152.0.7977.82 Mobile Safari/537.36 (compatible; GoogleOther)"
66.249.74.78 - - [14/Sep/2026:21:38:59 -0300] "GET /589437255 HTTP/1.1" 200 162146 "-" "Mozilla/5.0 (Linux; Android 6.0.1; Nexus 5X Build/MMB29P) AppleWebKit/537.36 (KHTML, like Gecko) Chrome/152.0.7977.82 Mobile Safari/537.36 (compatible; GoogleOther)"
66.249.74.78 - - [14/Sep/2026:21:41:08 -0300] "GET /483977457 HTTP/1.1" 200 155480 "-" "Mozilla/5.0 (Linux; Android 6.0.1; Nexus 5X Build/MMB29P) AppleWebKit/537.36 (KHTML, like Gecko) Chrome/152.0.7977.82 Mobile Safari/537.36 (compatible; GoogleOther)"
66.249.74.76 - - [14/Sep/2026:21:41:15 -0300] "GET /96530579 HTTP/1.1" 200 168996 "-" "Mozilla/5.0 (Linux; Android 6.0.1; Nexus 5X Build/MMB29P) AppleWebKit/537.36 (KHTML, like Gecko) Chrome/152.0.7977.82 Mobile Safari/537.36 (compatible; GoogleOther)"
66.249.74.77 - - [14/Sep/2026:21:43:16 -0300] "GET /6791746 HTTP/1.1" 200 164822 "-" "Mozilla/5.0 (Linux; Android 6.0.1; Nexus 5X Build/MMB29P) AppleWebKit/537.36 (KHTML, like Gecko) Chrome/152.0.7977.82 Mobile Safari/537.36 (compatible; GoogleOther)"
66.249.74.77 - - [14/Sep/2026:21:43:44 -0300] "GET /3070749 HTTP/1.1" 200 167116 "-" "Mozilla/5.0 (Linux; Android 6.0.1; Nexus 5X Build/MMB29P) AppleWebKit/537.36 (KHTML, like Gecko) Chrome/152.0.7977.82 Mobile Safari/537.36 (compatible; Googlebot/2.1; +http://www.google.com/bot.html)"
66.249.74.78 - - [14/Sep/2026:21:46:20 -0300] "GET /149856557 HTTP/1.1" 200 160125 "-" "Mozilla/5.0 (Linux; Android 6.0.1; Nexus 5X Build/MMB29P) AppleWebKit/537.36 (KHTML, like Gecko) Chrome/152.0.7977.82 Mobile Safari/537.36 (compatible; GoogleOther)"
66.249.74.76 - - [14/Sep/2026:21:46:40 -0300] "GET /965938852 HTTP/1.1" 200 167356 "-" "Mozilla/5.0 (Linux; Android 6.0.1; Nexus 5X Build/MMB29P) AppleWebKit/537.36 (KHTML, like Gecko) Chrome/152.0.7977.82 Mobile Safari/537.36 (compatible; GoogleOther)"
198.204.240.234 - - [14/Sep/2026:21:47:21 -0300] "GET /wp-includes/ad41931d/index.php HTTP/1.1" 200 6 "https://tienda.simplesystems.cl/wp-includes/ad41931d/index.php" "Mozilla/5.0 (Macintosh; Intel Mac OS X 10_6_8) AppleWebKit/535.1 (KHTML, like Gecko) Chrome/14.0.835.202 Safari/535.1"
198.204.240.234 - - [14/Sep/2026:21:47:01 -0300] "GET /wp-includes/ad41931d/index.php HTTP/1.1" 200 - "https://tienda.simplesystems.cl/wp-includes/ad41931d/index.php" "Mozilla/5.0 (compatible; MSIE 9.0; Windows NT 6.1; WOW64; Trident/5.0; SLCC2; .NET CLR 2.0.50727; .NET CLR 3.5.30729; .NET CLR 3.0.30729; Media Center PC 6.0; MAGW; .NET4.0C; Lunascape 6.5.8.24780)"
66.249.74.78 - - [14/Sep/2026:21:49:19 -0300] "GET /38842114 HTTP/1.1" 200 170257 "-" "Mozilla/5.0 (Linux; Android 6.0.1; Nexus 5X Build/MMB29P) AppleWebKit/537.36 (KHTML, like Gecko) Chrome/152.0.7977.82 Mobile Safari/537.36 (compatible; GoogleOther)"
66.249.74.78 - - [14/Sep/2026:21:52:06 -0300] "GET /846398257 HTTP/1.1" 200 160656 "-" "Mozilla/5.0 (Linux; Android 6.0.1; Nexus 5X Build/MMB29P) AppleWebKit/537.36 (KHTML, like Gecko) Chrome/152.0.7977.82 Mobile Safari/537.36 (compatible; GoogleOther)"
66.249.74.76 - - [14/Sep/2026:21:52:20 -0300] "GET /74013566 HTTP/1.1" 200 164067 "-" "Mozilla/5.0 (Linux; Android 6.0.1; Nexus 5X Build/MMB29P) AppleWebKit/537.36 (KHTML, like Gecko) Chrome/152.0.7977.82 Mobile Safari/537.36 (compatible; GoogleOther)"
66.249.74.76 - - [14/Sep/2026:21:55:21 -0300] "GET /286864970 HTTP/1.1" 200 159593 "-" "Mozilla/5.0 (Linux; Android 6.0.1; Nexus 5X Build/MMB29P) AppleWebKit/537.36 (KHTML, like Gecko) Chrome/152.0.7977.82 Mobile Safari/537.36 (compatible; GoogleOther)"
66.249.74.76 - - [14/Sep/2026:21:55:56 -0300] "GET /special/106006343.html HTTP/1.1" 200 159580 "-" "Mozilla/5.0 (Linux; Android 6.0.1; Nexus 5X Build/MMB29P) AppleWebKit/537.36 (KHTML, like Gecko) Chrome/152.0.7977.82 Mobile Safari/537.36 (compatible; GoogleOther)"
66.249.74.77 - - [14/Sep/2026:21:57:32 -0300] "GET /972461228 HTTP/1.1" 200 159516 "-" "Mozilla/5.0 (Linux; Android 6.0.1; Nexus 5X Build/MMB29P) AppleWebKit/537.36 (KHTML, like Gecko) Chrome/152.0.7977.82 Mobile Safari/537.36 (compatible; GoogleOther)"
66.249.74.77 - - [14/Sep/2026:21:58:24 -0300] "GET /652992754 HTTP/1.1" 200 165290 "-" "Mozilla/5.0 (Linux; Android 6.0.1; Nexus 5X Build/MMB29P) AppleWebKit/537.36 (KHTML, like Gecko) Chrome/152.0.7977.82 Mobile Safari/537.36 (compatible; GoogleOther)"
66.249.74.77 - - [14/Sep/2026:22:01:24 -0300] "GET /4112432 HTTP/1.1" 200 162878 "-" "Mozilla/5.0 (Linux; Android 6.0.1; Nexus 5X Build/MMB29P) AppleWebKit/537.36 (KHTML, like Gecko) Chrome/152.0.7977.82 Mobile Safari/537.36 (compatible; GoogleOther)"
66.249.74.76 - - [14/Sep/2026:22:02:58 -0300] "GET /71645806 HTTP/1.1" 200 157409 "-" "Mozilla/5.0 (Linux; Android 6.0.1; Nexus 5X Build/MMB29P) AppleWebKit/537.36 (KHTML, like Gecko) Chrome/152.0.7977.82 Mobile Safari/537.36 (compatible; GoogleOther)"
66.249.74.76 - - [14/Sep/2026:22:04:34 -0300] "GET /51830388 HTTP/1.1" 200 160518 "-" "Mozilla/5.0 (Linux; Android 6.0.1; Nexus 5X Build/MMB29P) AppleWebKit/537.36 (KHTML, like Gecko) Chrome/152.0.7977.82 Mobile Safari/537.36 (compatible; GoogleOther)"
66.249.74.78 - - [14/Sep/2026:22:07:26 -0300] "GET /36434022 HTTP/1.1" 200 157076 "-" "Mozilla/5.0 (Linux; Android 6.0.1; Nexus 5X Build/MMB29P) AppleWebKit/537.36 (KHTML, like Gecko) Chrome/152.0.7977.82 Mobile Safari/537.36 (compatible; GoogleOther)"
66.249.74.77 - - [14/Sep/2026:22:08:24 -0300] "GET /417065443 HTTP/1.1" 200 168995 "-" "Mozilla/5.0 (Linux; Android 6.0.1; Nexus 5X Build/MMB29P) AppleWebKit/537.36 (KHTML, like Gecko) Chrome/152.0.7977.82 Mobile Safari/537.36 (compatible; GoogleOther)"
66.249.74.76 - - [14/Sep/2026:22:10:28 -0300] "GET /675613549 HTTP/1.1" 200 158992 "-" "Mozilla/5.0 (Linux; Android 6.0.1; Nexus 5X Build/MMB29P) AppleWebKit/537.36 (KHTML, like Gecko) Chrome/152.0.7977.82 Mobile Safari/537.36 (compatible; GoogleOther)"
66.249.74.76 - - [14/Sep/2026:22:13:28 -0300] "GET /8308148 HTTP/1.1" 200 156494 "-" "Mozilla/5.0 (Linux; Android 6.0.1; Nexus 5X Build/MMB29P) AppleWebKit/537.36 (KHTML, like Gecko) Chrome/152.0.7977.82 Mobile Safari/537.36 (compatible; GoogleOther)"
66.249.74.77 - - [14/Sep/2026:22:13:51 -0300] "GET /179763507 HTTP/1.1" 200 158457 "-" "Mozilla/5.0 (Linux; Android 6.0.1; Nexus 5X Build/MMB29P) AppleWebKit/537.36 (KHTML, like Gecko) Chrome/152.0.7977.82 Mobile Safari/537.36 (compatible; GoogleOther)"
66.249.74.77 - - [14/Sep/2026:22:16:30 -0300] "GET /22460300 HTTP/1.1" 200 159539 "-" "Mozilla/5.0 (Linux; Android 6.0.1; Nexus 5X Build/MMB29P) AppleWebKit/537.36 (KHTML, like Gecko) Chrome/152.0.7977.82 Mobile Safari/537.36 (compatible; GoogleOther)"
66.249.74.76 - - [14/Sep/2026:22:19:17 -0300] "GET /3812502 HTTP/1.1" 200 166341 "-" "Mozilla/5.0 (Linux; Android 6.0.1; Nexus 5X Build/MMB29P) AppleWebKit/537.36 (KHTML, like Gecko) Chrome/152.0.7977.82 Mobile Safari/537.36 (compatible; GoogleOther)"
66.249.74.77 - - [14/Sep/2026:22:19:42 -0300] "GET /541648323 HTTP/1.1" 200 159573 "-" "Mozilla/5.0 (Linux; Android 6.0.1; Nexus 5X Build/MMB29P) AppleWebKit/537.36 (KHTML, like Gecko) Chrome/152.0.7977.82 Mobile Safari/537.36 (compatible; GoogleOther)"
198.204.240.234 - - [14/Sep/2026:22:19:45 -0300] "GET /wp-includes/ad41931d/index.php HTTP/1.1" 200 6 "https://tienda.simplesystems.cl/wp-includes/ad41931d/index.php" "Mozilla/4.0 (compatible; GoogleToolbar 5.0.2124.2070; Windows 6.0; MSIE 8.0.6001.18241)"
198.204.240.234 - - [14/Sep/2026:22:19:25 -0300] "GET /wp-includes/ad41931d/index.php HTTP/1.1" 200 - "https://tienda.simplesystems.cl/wp-includes/ad41931d/index.php" "Mozilla/5.0 (compatible; MSIE 10.0; Windows NT 6.1; Trident/6.0)"
66.249.74.78 - - [14/Sep/2026:22:21:00 -0300] "GET /shop/pg/1005024010/ HTTP/1.1" 200 167074 "-" "Mozilla/5.0 (Linux; Android 6.0.1; Nexus 5X Build/MMB29P) AppleWebKit/537.36 (KHTML, like Gecko) Chrome/152.0.7977.82 Mobile Safari/537.36 (compatible; GoogleOther)"
66.249.74.77 - - [14/Sep/2026:22:22:32 -0300] "GET /24193157 HTTP/1.1" 200 169056 "-" "Mozilla/5.0 (Linux; Android 6.0.1; Nexus 5X Build/MMB29P) AppleWebKit/537.36 (KHTML, like Gecko) Chrome/152.0.7977.82 Mobile Safari/537.36 (compatible; GoogleOther)"
66.249.74.76 - - [14/Sep/2026:22:24:42 -0300] "GET /963158653 HTTP/1.1" 200 158411 "-" "Mozilla/5.0 (Linux; Android 6.0.1; Nexus 5X Build/MMB29P) AppleWebKit/537.36 (KHTML, like Gecko) Chrome/152.0.7977.82 Mobile Safari/537.36 (compatible; GoogleOther)"
66.249.74.76 - - [14/Sep/2026:22:25:03 -0300] "GET /4112432 HTTP/1.1" 200 162835 "-" "Mozilla/5.0 (Linux; Android 6.0.1; Nexus 5X Build/MMB29P) AppleWebKit/537.36 (KHTML, like Gecko) Chrome/152.0.7977.82 Mobile Safari/537.36 (compatible; Googlebot/2.1; +http://www.google.com/bot.html)"
66.249.74.77 - - [14/Sep/2026:22:25:33 -0300] "GET /791801430 HTTP/1.1" 200 159695 "-" "Mozilla/5.0 (Linux; Android 6.0.1; Nexus 5X Build/MMB29P) AppleWebKit/537.36 (KHTML, like Gecko) Chrome/152.0.7977.82 Mobile Safari/537.36 (compatible; GoogleOther)"
66.249.74.78 - - [14/Sep/2026:22:28:34 -0300] "GET /information/privacy_policy.html HTTP/1.1" 200 156396 "-" "Mozilla/5.0 (Linux; Android 6.0.1; Nexus 5X Build/MMB29P) AppleWebKit/537.36 (KHTML, like Gecko) Chrome/152.0.7977.82 Mobile Safari/537.36 (compatible; GoogleOther)"
66.249.74.77 - - [14/Sep/2026:22:30:07 -0300] "GET /29911232 HTTP/1.1" 200 164169 "-" "Mozilla/5.0 (Linux; Android 6.0.1; Nexus 5X Build/MMB29P) AppleWebKit/537.36 (KHTML, like Gecko) Chrome/152.0.7977.82 Mobile Safari/537.36 (compatible; GoogleOther)"
66.249.74.78 - - [14/Sep/2026:22:31:37 -0300] "GET /45290457 HTTP/1.1" 200 171985 "-" "Mozilla/5.0 (Linux; Android 6.0.1; Nexus 5X Build/MMB29P) AppleWebKit/537.36 (KHTML, like Gecko) Chrome/152.0.7977.82 Mobile Safari/537.36 (compatible; GoogleOther)"
66.249.74.77 - - [14/Sep/2026:22:34:36 -0300] "GET /7222161 HTTP/1.1" 200 162905 "-" "Mozilla/5.0 (Linux; Android 6.0.1; Nexus 5X Build/MMB29P) AppleWebKit/537.36 (KHTML, like Gecko) Chrome/152.0.7977.82 Mobile Safari/537.36 (compatible; GoogleOther)"
66.249.74.76 - - [14/Sep/2026:22:35:39 -0300] "GET /18858277 HTTP/1.1" 200 164961 "-" "Mozilla/5.0 (Linux; Android 6.0.1; Nexus 5X Build/MMB29P) AppleWebKit/537.36 (KHTML, like Gecko) Chrome/152.0.7977.82 Mobile Safari/537.36 (compatible; GoogleOther)"
66.249.74.78 - - [14/Sep/2026:22:37:39 -0300] "GET /158210726 HTTP/1.1" 200 159908 "-" "Mozilla/5.0 (Linux; Android 6.0.1; Nexus 5X Build/MMB29P) AppleWebKit/537.36 (KHTML, like Gecko) Chrome/152.0.7977.82 Mobile Safari/537.36 (compatible; GoogleOther)"
66.249.74.77 - - [14/Sep/2026:22:40:47 -0300] "GET /63923594 HTTP/1.1" 200 170392 "-" "Mozilla/5.0 (Linux; Android 6.0.1; Nexus 5X Build/MMB29P) AppleWebKit/537.36 (KHTML, like Gecko) Chrome/152.0.7977.82 Mobile Safari/537.36 (compatible; GoogleOther)"
66.249.74.78 - - [14/Sep/2026:22:41:00 -0300] "GET /special/008001707.html HTTP/1.1" 200 168892 "-" "Mozilla/5.0 (Linux; Android 6.0.1; Nexus 5X Build/MMB29P) AppleWebKit/537.36 (KHTML, like Gecko) Chrome/152.0.7977.82 Mobile Safari/537.36 (compatible; GoogleOther)"
198.204.240.234 - - [14/Sep/2026:22:42:15 -0300] "GET /wp-includes/ad41931d/index.php HTTP/1.1" 200 6 "https://tienda.simplesystems.cl/wp-includes/ad41931d/index.php" "Mozilla/5.0 (Macintosh; U; Intel Mac OS X 10_5_5; ja-jp) AppleWebKit/525.26.2 (KHTML, like Gecko) Version/3.2 Safari/525.26.12"
198.204.240.234 - - [14/Sep/2026:22:41:55 -0300] "GET /wp-includes/ad41931d/index.php HTTP/1.1" 200 - "https://tienda.simplesystems.cl/wp-includes/ad41931d/index.php" "Mozilla/5.0 (Macintosh; Intel Mac OS X 10_6_8) AppleWebKit/535.7 (KHTML, like Gecko) Chrome/16.0.912.75 Safari/535.7"
66.249.74.77 - - [14/Sep/2026:22:43:40 -0300] "GET /952747738 HTTP/1.1" 200 164953 "-" "Mozilla/5.0 (Linux; Android 6.0.1; Nexus 5X Build/MMB29P) AppleWebKit/537.36 (KHTML, like Gecko) Chrome/152.0.7977.82 Mobile Safari/537.36 (compatible; GoogleOther)"
66.249.74.77 - - [14/Sep/2026:22:45:55 -0300] "GET /93780184 HTTP/1.1" 200 161956 "-" "Mozilla/5.0 (Linux; Android 6.0.1; Nexus 5X Build/MMB29P) AppleWebKit/537.36 (KHTML, like Gecko) Chrome/152.0.7977.82 Mobile Safari/537.36 (compatible; GoogleOther)"
66.249.74.77 - - [14/Sep/2026:22:46:25 -0300] "GET /category/18/1/listing HTTP/1.1" 200 163772 "-" "Mozilla/5.0 (Linux; Android 6.0.1; Nexus 5X Build/MMB29P) AppleWebKit/537.36 (KHTML, like Gecko) Chrome/152.0.7977.82 Mobile Safari/537.36 (compatible; GoogleOther)"
66.249.74.77 - - [14/Sep/2026:22:46:37 -0300] "GET /3812502 HTTP/1.1" 200 166704 "-" "Mozilla/5.0 (Linux; Android 6.0.1; Nexus 5X Build/MMB29P) AppleWebKit/537.36 (KHTML, like Gecko) Chrome/152.0.7977.82 Mobile Safari/537.36 (compatible; Googlebot/2.1; +http://www.google.com/bot.html)"
66.249.74.76 - - [14/Sep/2026:22:46:43 -0300] "GET /8836855 HTTP/1.1" 200 162067 "-" "Mozilla/5.0 (Linux; Android 6.0.1; Nexus 5X Build/MMB29P) AppleWebKit/537.36 (KHTML, like Gecko) Chrome/152.0.7977.82 Mobile Safari/537.36 (compatible; GoogleOther)"
66.249.74.77 - - [14/Sep/2026:22:47:51 -0300] "GET /542207686 HTTP/1.1" 200 168866 "-" "Mozilla/5.0 (Linux; Android 6.0.1; Nexus 5X Build/MMB29P) AppleWebKit/537.36 (KHTML, like Gecko) Chrome/152.0.7977.82 Mobile Safari/537.36 (compatible; GoogleOther)"
66.249.74.76 - - [14/Sep/2026:22:47:54 -0300] "GET /7222161 HTTP/1.1" 200 162847 "-" "Mozilla/5.0 (Linux; Android 6.0.1; Nexus 5X Build/MMB29P) AppleWebKit/537.36 (KHTML, like Gecko) Chrome/152.0.7977.82 Mobile Safari/537.36 (compatible; Googlebot/2.1; +http://www.google.com/bot.html)"
66.249.74.78 - - [14/Sep/2026:22:48:31 -0300] "GET /3346242 HTTP/1.1" 200 160161 "-" "Mozilla/5.0 (Linux; Android 6.0.1; Nexus 5X Build/MMB29P) AppleWebKit/537.36 (KHTML, like Gecko) Chrome/152.0.7977.82 Mobile Safari/537.36 (compatible; GoogleOther)"
66.249.74.76 - - [14/Sep/2026:22:48:37 -0300] "GET /71645806 HTTP/1.1" 200 157336 "-" "Mozilla/5.0 (Linux; Android 6.0.1; Nexus 5X Build/MMB29P) AppleWebKit/537.36 (KHTML, like Gecko) Chrome/152.0.7977.82 Mobile Safari/537.36 (compatible; Googlebot/2.1; +http://www.google.com/bot.html)"
66.249.74.76 - - [14/Sep/2026:22:48:45 -0300] "GET /86945903 HTTP/1.1" 200 167972 "-" "Mozilla/5.0 (Linux; Android 6.0.1; Nexus 5X Build/MMB29P) AppleWebKit/537.36 (KHTML, like Gecko) Chrome/152.0.7977.82 Mobile Safari/537.36 (compatible; GoogleOther)"
66.249.74.78 - - [14/Sep/2026:22:49:51 -0300] "GET /36434022 HTTP/1.1" 200 157287 "-" "Mozilla/5.0 (Linux; Android 6.0.1; Nexus 5X Build/MMB29P) AppleWebKit/537.36 (KHTML, like Gecko) Chrome/152.0.7977.82 Mobile Safari/537.36 (compatible; Googlebot/2.1; +http://www.google.com/bot.html)"
66.249.74.78 - - [14/Sep/2026:22:50:18 -0300] "GET /18888104 HTTP/1.1" 200 164023 "-" "Mozilla/5.0 (Linux; Android 6.0.1; Nexus 5X Build/MMB29P) AppleWebKit/537.36 (KHTML, like Gecko) Chrome/152.0.7977.82 Mobile Safari/537.36 (compatible; GoogleOther)"
66.249.74.77 - - [14/Sep/2026:22:50:40 -0300] "GET /24193157 HTTP/1.1" 200 169432 "-" "Mozilla/5.0 (Linux; Android 6.0.1; Nexus 5X Build/MMB29P) AppleWebKit/537.36 (KHTML, like Gecko) Chrome/152.0.7977.82 Mobile Safari/537.36 (compatible; Googlebot/2.1; +http://www.google.com/bot.html)"
66.249.74.77 - - [14/Sep/2026:22:51:07 -0300] "GET /6926397 HTTP/1.1" 200 164129 "-" "Mozilla/5.0 (Linux; Android 6.0.1; Nexus 5X Build/MMB29P) AppleWebKit/537.36 (KHTML, like Gecko) Chrome/152.0.7977.82 Mobile Safari/537.36 (compatible; GoogleOther)"
66.249.74.77 - - [14/Sep/2026:22:51:40 -0300] "GET /29911232 HTTP/1.1" 200 164285 "-" "Mozilla/5.0 (Linux; Android 6.0.1; Nexus 5X Build/MMB29P) AppleWebKit/537.36 (KHTML, like Gecko) Chrome/152.0.7977.82 Mobile Safari/537.36 (compatible; Googlebot/2.1; +http://www.google.com/bot.html)"
66.249.74.78 - - [14/Sep/2026:22:52:07 -0300] "GET /reserve/tool/ HTTP/1.1" 200 158519 "-" "Mozilla/5.0 (Linux; Android 6.0.1; Nexus 5X Build/MMB29P) AppleWebKit/537.36 (KHTML, like Gecko) Chrome/152.0.7977.82 Mobile Safari/537.36 (compatible; GoogleOther)"
66.249.74.76 - - [14/Sep/2026:22:52:40 -0300] "GET /6926397 HTTP/1.1" 200 164331 "-" "Mozilla/5.0 (Linux; Android 6.0.1; Nexus 5X Build/MMB29P) AppleWebKit/537.36 (KHTML, like Gecko) Chrome/152.0.7977.82 Mobile Safari/537.36 (compatible; Googlebot/2.1; +http://www.google.com/bot.html)"
198.204.240.234 - - [14/Sep/2026:22:52:48 -0300] "GET /wp-includes/ad41931d/index.php HTTP/1.1" 200 6 "https://tienda.simplesystems.cl/wp-includes/ad41931d/index.php" "Mozilla/5.0 (Windows; U; Windows NT 5.1; en-US) AppleWebKit/534.16 (KHTML, like Gecko) Chrome/10.0.648.151 Safari/534.16"
66.249.74.77 - - [14/Sep/2026:22:53:27 -0300] "GET /6160496 HTTP/1.1" 200 167937 "-" "Mozilla/5.0 (Linux; Android 6.0.1; Nexus 5X Build/MMB29P) AppleWebKit/537.36 (KHTML, like Gecko) Chrome/152.0.7977.82 Mobile Safari/537.36 (compatible; GoogleOther)"
66.249.74.77 - - [14/Sep/2026:22:53:55 -0300] "GET /23866779 HTTP/1.1" 200 164704 "-" "Mozilla/5.0 (Linux; Android 6.0.1; Nexus 5X Build/MMB29P) AppleWebKit/537.36 (KHTML, like Gecko) Chrome/152.0.7977.82 Mobile Safari/537.36 (compatible; GoogleOther)"
198.204.240.234 - - [14/Sep/2026:22:52:28 -0300] "GET /wp-includes/ad41931d/index.php HTTP/1.1" 200 - "https://tienda.simplesystems.cl/wp-includes/ad41931d/index.php" "Mozilla/5.0 (compatible; MSIE 10.0; Windows NT 6.1; Trident/6.0)"
66.249.74.77 - - [14/Sep/2026:22:54:42 -0300] "GET /6160496 HTTP/1.1" 200 167684 "-" "Mozilla/5.0 (Linux; Android 6.0.1; Nexus 5X Build/MMB29P) AppleWebKit/537.36 (KHTML, like Gecko) Chrome/152.0.7977.82 Mobile Safari/537.36 (compatible; Googlebot/2.1; +http://www.google.com/bot.html)"
66.249.74.77 - - [14/Sep/2026:22:55:43 -0300] "GET /2808407 HTTP/1.1" 200 156403 "-" "Mozilla/5.0 (Linux; Android 6.0.1; Nexus 5X Build/MMB29P) AppleWebKit/537.36 (KHTML, like Gecko) Chrome/152.0.7977.82 Mobile Safari/537.36 (compatible; GoogleOther)"
66.249.74.77 - - [14/Sep/2026:22:55:47 -0300] "GET /987653352 HTTP/1.1" 200 167611 "-" "Mozilla/5.0 (Linux; Android 6.0.1; Nexus 5X Build/MMB29P) AppleWebKit/537.36 (KHTML, like Gecko) Chrome/152.0.7977.82 Mobile Safari/537.36 (compatible; GoogleOther)"
66.249.74.76 - - [14/Sep/2026:22:56:37 -0300] "GET /45290457 HTTP/1.1" 200 171820 "-" "Mozilla/5.0 (Linux; Android 6.0.1; Nexus 5X Build/MMB29P) AppleWebKit/537.36 (KHTML, like Gecko) Chrome/152.0.7977.82 Mobile Safari/537.36 (compatible; Googlebot/2.1; +http://www.google.com/bot.html)"
66.249.74.77 - - [14/Sep/2026:22:57:31 -0300] "GET /5685331 HTTP/1.1" 200 167881 "-" "Mozilla/5.0 (Linux; Android 6.0.1; Nexus 5X Build/MMB29P) AppleWebKit/537.36 (KHTML, like Gecko) Chrome/152.0.7977.82 Mobile Safari/537.36 (compatible; GoogleOther)"
66.249.74.76 - - [14/Sep/2026:22:58:16 -0300] "GET /4136943 HTTP/1.1" 200 170187 "-" "Mozilla/5.0 (Linux; Android 6.0.1; Nexus 5X Build/MMB29P) AppleWebKit/537.36 (KHTML, like Gecko) Chrome/152.0.7977.82 Mobile Safari/537.36 (compatible; GoogleOther)"
66.249.74.76 - - [14/Sep/2026:22:58:37 -0300] "GET /22460300 HTTP/1.1" 200 159475 "-" "Mozilla/5.0 (Linux; Android 6.0.1; Nexus 5X Build/MMB29P) AppleWebKit/537.36 (KHTML, like Gecko) Chrome/152.0.7977.82 Mobile Safari/537.36 (compatible; Googlebot/2.1; +http://www.google.com/bot.html)"
66.249.74.77 - - [14/Sep/2026:22:59:22 -0300] "GET /891748862 HTTP/1.1" 200 156715 "-" "Mozilla/5.0 (Linux; Android 6.0.1; Nexus 5X Build/MMB29P) AppleWebKit/537.36 (KHTML, like Gecko) Chrome/152.0.7977.82 Mobile Safari/537.36 (compatible; GoogleOther)"
66.249.74.78 - - [14/Sep/2026:23:00:30 -0300] "GET /124031634 HTTP/1.1" 200 160067 "-" "Mozilla/5.0 (Linux; Android 6.0.1; Nexus 5X Build/MMB29P) AppleWebKit/537.36 (KHTML, like Gecko) Chrome/152.0.7977.82 Mobile Safari/537.36 (compatible; GoogleOther)"
66.249.74.77 - - [14/Sep/2026:23:00:37 -0300] "GET /18858277 HTTP/1.1" 200 165095 "-" "Mozilla/5.0 (Linux; Android 6.0.1; Nexus 5X Build/MMB29P) AppleWebKit/537.36 (KHTML, like Gecko) Chrome/152.0.7977.82 Mobile Safari/537.36 (compatible; Googlebot/2.1; +http://www.google.com/bot.html)"
66.249.74.76 - - [14/Sep/2026:23:01:38 -0300] "GET /p11121472401 HTTP/1.1" 200 163714 "-" "Mozilla/5.0 (Linux; Android 6.0.1; Nexus 5X Build/MMB29P) AppleWebKit/537.36 (KHTML, like Gecko) Chrome/152.0.7977.82 Mobile Safari/537.36 (compatible; GoogleOther)"
66.249.74.78 - - [14/Sep/2026:23:02:38 -0300] "GET /972461228 HTTP/1.1" 200 159119 "-" "Mozilla/5.0 (Linux; Android 6.0.1; Nexus 5X Build/MMB29P) AppleWebKit/537.36 (KHTML, like Gecko) Chrome/152.0.7977.82 Mobile Safari/537.36 (compatible; Googlebot/2.1; +http://www.google.com/bot.html)"
66.249.74.77 - - [14/Sep/2026:23:02:51 -0300] "GET /10336710 HTTP/1.1" 200 166553 "-" "Mozilla/5.0 (Linux; Android 6.0.1; Nexus 5X Build/MMB29P) AppleWebKit/537.36 (KHTML, like Gecko) Chrome/152.0.7977.82 Mobile Safari/537.36 (compatible; GoogleOther)"
66.249.74.76 - - [14/Sep/2026:23:02:57 -0300] "GET /39141330 HTTP/1.1" 200 165641 "-" "Mozilla/5.0 (Linux; Android 6.0.1; Nexus 5X Build/MMB29P) AppleWebKit/537.36 (KHTML, like Gecko) Chrome/152.0.7977.82 Mobile Safari/537.36 (compatible; GoogleOther)"
66.249.74.76 - - [14/Sep/2026:23:04:40 -0300] "GET /10336710 HTTP/1.1" 200 166736 "-" "Mozilla/5.0 (Linux; Android 6.0.1; Nexus 5X Build/MMB29P) AppleWebKit/537.36 (KHTML, like Gecko) Chrome/152.0.7977.82 Mobile Safari/537.36 (compatible; Googlebot/2.1; +http://www.google.com/bot.html)"
66.249.74.76 - - [14/Sep/2026:23:04:45 -0300] "GET /?goods/193009025 HTTP/1.1" 200 167926 "-" "Mozilla/5.0 (Linux; Android 6.0.1; Nexus 5X Build/MMB29P) AppleWebKit/537.36 (KHTML, like Gecko) Chrome/152.0.7977.82 Mobile Safari/537.36 (compatible; GoogleOther)"
66.249.74.76 - - [14/Sep/2026:23:05:13 -0300] "GET /97151232 HTTP/1.1" 200 176930 "-" "Mozilla/5.0 (Linux; Android 6.0.1; Nexus 5X Build/MMB29P) AppleWebKit/537.36 (KHTML, like Gecko) Chrome/152.0.7977.82 Mobile Safari/537.36 (compatible; GoogleOther)"
66.249.74.77 - - [14/Sep/2026:23:07:03 -0300] "GET /special/020000711.html HTTP/1.1" 200 164877 "-" "Mozilla/5.0 (Linux; Android 6.0.1; Nexus 5X Build/MMB29P) AppleWebKit/537.36 (KHTML, like Gecko) Chrome/152.0.7977.82 Mobile Safari/537.36 (compatible; GoogleOther)"
66.249.74.76 - - [14/Sep/2026:23:07:05 -0300] "GET /652992754 HTTP/1.1" 200 165054 "-" "Mozilla/5.0 (Linux; Android 6.0.1; Nexus 5X Build/MMB29P) AppleWebKit/537.36 (KHTML, like Gecko) Chrome/152.0.7977.82 Mobile Safari/537.36 (compatible; Googlebot/2.1; +http://www.google.com/bot.html)"
66.249.74.77 - - [14/Sep/2026:23:07:48 -0300] "GET /125251915 HTTP/1.1" 200 158167 "-" "Mozilla/5.0 (Linux; Android 6.0.1; Nexus 5X Build/MMB29P) AppleWebKit/537.36 (KHTML, like Gecko) Chrome/152.0.7977.82 Mobile Safari/537.36 (compatible; GoogleOther)"
66.249.74.76 - - [14/Sep/2026:23:07:53 -0300] "GET /11771279891 HTTP/1.1" 200 167170 "-" "Mozilla/5.0 (Linux; Android 6.0.1; Nexus 5X Build/MMB29P) AppleWebKit/537.36 (KHTML, like Gecko) Chrome/152.0.7977.82 Mobile Safari/537.36 (compatible; GoogleOther)"
66.249.74.78 - - [14/Sep/2026:23:08:24 -0300] "GET /special/020000695.html HTTP/1.1" 200 164898 "-" "Mozilla/5.0 (Linux; Android 6.0.1; Nexus 5X Build/MMB29P) AppleWebKit/537.36 (KHTML, like Gecko) Chrome/152.0.7977.82 Mobile Safari/537.36 (compatible; GoogleOther)"
66.249.74.76 - - [14/Sep/2026:23:08:38 -0300] "GET /541648323 HTTP/1.1" 200 159484 "-" "Mozilla/5.0 (Linux; Android 6.0.1; Nexus 5X Build/MMB29P) AppleWebKit/537.36 (KHTML, like Gecko) Chrome/152.0.7977.82 Mobile Safari/537.36 (compatible; Googlebot/2.1; +http://www.google.com/bot.html)"
66.249.74.77 - - [14/Sep/2026:23:09:52 -0300] "GET /outlet/097000373.html HTTP/1.1" 200 158948 "-" "Mozilla/5.0 (Linux; Android 6.0.1; Nexus 5X Build/MMB29P) AppleWebKit/537.36 (KHTML, like Gecko) Chrome/152.0.7977.82 Mobile Safari/537.36 (compatible; GoogleOther)"
66.249.74.77 - - [14/Sep/2026:23:10:39 -0300] "GET /675613549 HTTP/1.1" 200 159065 "-" "Mozilla/5.0 (Linux; Android 6.0.1; Nexus 5X Build/MMB29P) AppleWebKit/537.36 (KHTML, like Gecko) Chrome/152.0.7977.82 Mobile Safari/537.36 (compatible; Googlebot/2.1; +http://www.google.com/bot.html)"
66.249.74.76 - - [14/Sep/2026:23:10:41 -0300] "GET /special/182036825.html HTTP/1.1" 200 160990 "-" "Mozilla/5.0 (Linux; Android 6.0.1; Nexus 5X Build/MMB29P) AppleWebKit/537.36 (KHTML, like Gecko) Chrome/152.0.7977.82 Mobile Safari/537.36 (compatible; GoogleOther)"
34.96.62.139 - - [14/Sep/2026:23:11:45 -0300] "GET / HTTP/1.1" 200 - "-" "Mozilla/5.0 (Macintosh; Intel Mac OS X 10_15_7) AppleWebKit/537.36 (KHTML, like Gecko) Chrome/114.0.0.0 Safari/537.36"
66.249.74.78 - - [14/Sep/2026:23:12:03 -0300] "GET /?jp/020000711.html HTTP/1.1" 200 164542 "-" "Mozilla/5.0 (Linux; Android 6.0.1; Nexus 5X Build/MMB29P) AppleWebKit/537.36 (KHTML, like Gecko) Chrome/152.0.7977.82 Mobile Safari/537.36 (compatible; GoogleOther)"
66.249.74.77 - - [14/Sep/2026:23:12:15 -0300] "GET /247545595 HTTP/1.1" 200 160713 "-" "Mozilla/5.0 (Linux; Android 6.0.1; Nexus 5X Build/MMB29P) AppleWebKit/537.36 (KHTML, like Gecko) Chrome/152.0.7977.82 Mobile Safari/537.36 (compatible; GoogleOther)"
66.249.74.76 - - [14/Sep/2026:23:12:39 -0300] "GET /124031634 HTTP/1.1" 200 159994 "-" "Mozilla/5.0 (Linux; Android 6.0.1; Nexus 5X Build/MMB29P) AppleWebKit/537.36 (KHTML, like Gecko) Chrome/152.0.7977.82 Mobile Safari/537.36 (compatible; Googlebot/2.1; +http://www.google.com/bot.html)"
66.249.74.76 - - [14/Sep/2026:23:13:49 -0300] "GET /jukyuban/ HTTP/1.1" 200 163658 "-" "Mozilla/5.0 (Linux; Android 6.0.1; Nexus 5X Build/MMB29P) AppleWebKit/537.36 (KHTML, like Gecko) Chrome/152.0.7977.82 Mobile Safari/537.36 (compatible; GoogleOther)"
66.249.74.77 - - [14/Sep/2026:23:14:34 -0300] "GET /9196678 HTTP/1.1" 200 159203 "-" "Mozilla/5.0 (Linux; Android 6.0.1; Nexus 5X Build/MMB29P) AppleWebKit/537.36 (KHTML, like Gecko) Chrome/152.0.7977.82 Mobile Safari/537.36 (compatible; GoogleOther)"
66.249.74.77 - - [14/Sep/2026:23:14:38 -0300] "GET /417065443 HTTP/1.1" 200 169113 "-" "Mozilla/5.0 (Linux; Android 6.0.1; Nexus 5X Build/MMB29P) AppleWebKit/537.36 (KHTML, like Gecko) Chrome/152.0.7977.82 Mobile Safari/537.36 (compatible; Googlebot/2.1; +http://www.google.com/bot.html)"
66.249.74.78 - - [14/Sep/2026:23:15:35 -0300] "GET /12381600261 HTTP/1.1" 200 171146 "-" "Mozilla/5.0 (Linux; Android 6.0.1; Nexus 5X Build/MMB29P) AppleWebKit/537.36 (KHTML, like Gecko) Chrome/152.0.7977.82 Mobile Safari/537.36 (compatible; GoogleOther)"
66.249.74.77 - - [14/Sep/2026:23:15:55 -0300] "GET /3135383 HTTP/1.1" 200 159211 "-" "Mozilla/5.0 (Linux; Android 6.0.1; Nexus 5X Build/MMB29P) AppleWebKit/537.36 (KHTML, like Gecko) Chrome/152.0.7977.82 Mobile Safari/537.36 (compatible; GoogleOther)"
66.249.74.78 - - [14/Sep/2026:23:16:38 -0300] "GET /987653352 HTTP/1.1" 200 167754 "-" "Mozilla/5.0 (Linux; Android 6.0.1; Nexus 5X Build/MMB29P) AppleWebKit/537.36 (KHTML, like Gecko) Chrome/152.0.7977.82 Mobile Safari/537.36 (compatible; Googlebot/2.1; +http://www.google.com/bot.html)"
66.249.74.76 - - [14/Sep/2026:23:16:54 -0300] "GET /6277266 HTTP/1.1" 200 158584 "-" "Mozilla/5.0 (Linux; Android 6.0.1; Nexus 5X Build/MMB29P) AppleWebKit/537.36 (KHTML, like Gecko) Chrome/152.0.7977.82 Mobile Safari/537.36 (compatible; GoogleOther)"
66.249.74.77 - - [14/Sep/2026:23:17:25 -0300] "GET /special/165010790.html HTTP/1.1" 200 159577 "-" "Mozilla/5.0 (Linux; Android 6.0.1; Nexus 5X Build/MMB29P) AppleWebKit/537.36 (KHTML, like Gecko) Chrome/152.0.7977.82 Mobile Safari/537.36 (compatible; GoogleOther)"
66.249.74.77 - - [14/Sep/2026:23:18:41 -0300] "GET /special/008001707.html HTTP/1.1" 200 168815 "-" "Mozilla/5.0 (Linux; Android 6.0.1; Nexus 5X Build/MMB29P) AppleWebKit/537.36 (KHTML, like Gecko) Chrome/152.0.7977.82 Mobile Safari/537.36 (compatible; Googlebot/2.1; +http://www.google.com/bot.html)"
66.249.74.78 - - [14/Sep/2026:23:19:14 -0300] "GET /special/129048708.html HTTP/1.1" 200 156568 "-" "Mozilla/5.0 (Linux; Android 6.0.1; Nexus 5X Build/MMB29P) AppleWebKit/537.36 (KHTML, like Gecko) Chrome/152.0.7977.82 Mobile Safari/537.36 (compatible; GoogleOther)"
66.249.74.76 - - [14/Sep/2026:23:19:18 -0300] "GET /7338255 HTTP/1.1" 200 144967 "-" "Mozilla/5.0 (Linux; Android 6.0.1; Nexus 5X Build/MMB29P) AppleWebKit/537.36 (KHTML, like Gecko) Chrome/152.0.7977.82 Mobile Safari/537.36 (compatible; GoogleOther)"
66.249.74.76 - - [14/Sep/2026:23:20:39 -0300] "GET /information/privacy_policy.html HTTP/1.1" 200 156543 "-" "Mozilla/5.0 (Linux; Android 6.0.1; Nexus 5X Build/MMB29P) AppleWebKit/537.36 (KHTML, like Gecko) Chrome/152.0.7977.82 Mobile Safari/537.36 (compatible; Googlebot/2.1; +http://www.google.com/bot.html)"
66.249.74.76 - - [14/Sep/2026:23:21:01 -0300] "GET /g11058544841 HTTP/1.1" 200 163654 "-" "Mozilla/5.0 (Linux; Android 6.0.1; Nexus 5X Build/MMB29P) AppleWebKit/537.36 (KHTML, like Gecko) Chrome/152.0.7977.82 Mobile Safari/537.36 (compatible; GoogleOther)"
66.249.74.76 - - [14/Sep/2026:23:21:41 -0300] "GET /97659413 HTTP/1.1" 200 158813 "-" "Mozilla/5.0 (Linux; Android 6.0.1; Nexus 5X Build/MMB29P) AppleWebKit/537.36 (KHTML, like Gecko) Chrome/152.0.7977.82 Mobile Safari/537.36 (compatible; GoogleOther)"
66.249.74.76 - - [14/Sep/2026:23:22:39 -0300] "GET /396481918 HTTP/1.1" 200 164958 "-" "Mozilla/5.0 (Linux; Android 6.0.1; Nexus 5X Build/MMB29P) AppleWebKit/537.36 (KHTML, like Gecko) Chrome/152.0.7977.82 Mobile Safari/537.36 (compatible; Googlebot/2.1; +http://www.google.com/bot.html)"
34.96.41.61 - - [14/Sep/2026:23:22:50 -0300] "GET / HTTP/1.1" 200 - "-" "Mozilla/5.0 (Macintosh; Intel Mac OS X 10_15_7) AppleWebKit/537.36 (KHTML, like Gecko) Chrome/114.0.0.0 Safari/537.36"
34.96.41.61 - - [14/Sep/2026:23:22:51 -0300] "GET /robots.txt HTTP/1.1" 200 433 "-" "Mozilla/5.0 (Macintosh; Intel Mac OS X 10_15_7) AppleWebKit/537.36 (KHTML, like Gecko) Chrome/114.0.0.0 Safari/537.36"
66.249.74.77 - - [14/Sep/2026:23:22:53 -0300] "GET /c11932696421 HTTP/1.1" 200 161405 "-" "Mozilla/5.0 (Linux; Android 6.0.1; Nexus 5X Build/MMB29P) AppleWebKit/537.36 (KHTML, like Gecko) Chrome/152.0.7977.82 Mobile Safari/537.36 (compatible; GoogleOther)"
66.249.74.77 - - [14/Sep/2026:23:23:56 -0300] "GET /124852876 HTTP/1.1" 200 157659 "-" "Mozilla/5.0 (Linux; Android 6.0.1; Nexus 5X Build/MMB29P) AppleWebKit/537.36 (KHTML, like Gecko) Chrome/152.0.7977.82 Mobile Safari/537.36 (compatible; GoogleOther)"
66.249.74.77 - - [14/Sep/2026:23:24:42 -0300] "GET /toyu/top/CSfTop.jsp HTTP/1.1" 200 164815 "-" "Mozilla/5.0 (Linux; Android 6.0.1; Nexus 5X Build/MMB29P) AppleWebKit/537.36 (KHTML, like Gecko) Chrome/152.0.7977.82 Mobile Safari/537.36 (compatible; GoogleOther)"
66.249.74.76 - - [14/Sep/2026:23:24:57 -0300] "GET /category/1_67_68/1/listing HTTP/1.1" 200 156792 "-" "Mozilla/5.0 (Linux; Android 6.0.1; Nexus 5X Build/MMB29P) AppleWebKit/537.36 (KHTML, like Gecko) Chrome/152.0.7977.82 Mobile Safari/537.36 (compatible; Googlebot/2.1; +http://www.google.com/bot.html)"
198.204.240.234 - - [14/Sep/2026:23:25:08 -0300] "GET /wp-includes/ad41931d/index.php HTTP/1.1" 200 6 "https://tienda.simplesystems.cl/wp-includes/ad41931d/index.php" "Mozilla/5.0 (Macintosh; U; PPC Mac OS X; ja-jp) AppleWebKit/523.12.2 (KHTML, like Gecko) Version/3.0.4 Safari/523.12.2"
198.204.240.234 - - [14/Sep/2026:23:24:48 -0300] "GET /wp-includes/ad41931d/index.php HTTP/1.1" 500 - "https://tienda.simplesystems.cl/wp-includes/ad41931d/index.php" "Mozilla/4.0 (compatible; MSIE 7.0; Windows NT 5.1; SV1; .NET CLR 1.1.4322; .NET CLR 2.0.50727; InfoPath.1)"
66.249.74.78 - - [14/Sep/2026:23:25:16 -0300] "GET /e12047920661 HTTP/1.1" 200 168101 "-" "Mozilla/5.0 (Linux; Android 6.0.1; Nexus 5X Build/MMB29P) AppleWebKit/537.36 (KHTML, like Gecko) Chrome/152.0.7977.82 Mobile Safari/537.36 (compatible; GoogleOther)"
66.249.74.78 - - [14/Sep/2026:23:26:21 -0300] "GET /e10850152851 HTTP/1.1" 200 157701 "-" "Mozilla/5.0 (Linux; Android 6.0.1; Nexus 5X Build/MMB29P) AppleWebKit/537.36 (KHTML, like Gecko) Chrome/152.0.7977.82 Mobile Safari/537.36 (compatible; GoogleOther)"
66.249.74.77 - - [14/Sep/2026:23:26:29 -0300] "GET /53074700 HTTP/1.1" 200 165764 "-" "Mozilla/5.0 (Linux; Android 6.0.1; Nexus 5X Build/MMB29P) AppleWebKit/537.36 (KHTML, like Gecko) Chrome/152.0.7977.82 Mobile Safari/537.36 (compatible; GoogleOther)"
66.249.74.76 - - [14/Sep/2026:23:26:39 -0300] "GET /shop/pg/1005024010/ HTTP/1.1" 200 167306 "-" "Mozilla/5.0 (Linux; Android 6.0.1; Nexus 5X Build/MMB29P) AppleWebKit/537.36 (KHTML, like Gecko) Chrome/152.0.7977.82 Mobile Safari/537.36 (compatible; Googlebot/2.1; +http://www.google.com/bot.html)"
66.249.74.77 - - [14/Sep/2026:23:28:25 -0300] "GET /special/081037940.html HTTP/1.1" 200 159219 "-" "Mozilla/5.0 (Linux; Android 6.0.1; Nexus 5X Build/MMB29P) AppleWebKit/537.36 (KHTML, like Gecko) Chrome/152.0.7977.82 Mobile Safari/537.36 (compatible; GoogleOther)"
66.249.74.77 - - [14/Sep/2026:23:28:38 -0300] "GET /594010551 HTTP/1.1" 200 160825 "-" "Mozilla/5.0 (Linux; Android 6.0.1; Nexus 5X Build/MMB29P) AppleWebKit/537.36 (KHTML, like Gecko) Chrome/152.0.7977.82 Mobile Safari/537.36 (compatible; GoogleOther)"
66.249.74.77 - - [14/Sep/2026:23:28:39 -0300] "GET /10088811 HTTP/1.1" 200 161734 "-" "Mozilla/5.0 (Linux; Android 6.0.1; Nexus 5X Build/MMB29P) AppleWebKit/537.36 (KHTML, like Gecko) Chrome/152.0.7977.82 Mobile Safari/537.36 (compatible; Googlebot/2.1; +http://www.google.com/bot.html)"
66.249.74.76 - - [14/Sep/2026:23:30:03 -0300] "GET /?detail/021044191802 HTTP/1.1" 200 165742 "-" "Mozilla/5.0 (Linux; Android 6.0.1; Nexus 5X Build/MMB29P) AppleWebKit/537.36 (KHTML, like Gecko) Chrome/152.0.7977.82 Mobile Safari/537.36 (compatible; GoogleOther)"
66.249.74.77 - - [14/Sep/2026:23:30:39 -0300] "GET /826513511 HTTP/1.1" 200 157947 "-" "Mozilla/5.0 (Linux; Android 6.0.1; Nexus 5X Build/MMB29P) AppleWebKit/537.36 (KHTML, like Gecko) Chrome/152.0.7977.82 Mobile Safari/537.36 (compatible; Googlebot/2.1; +http://www.google.com/bot.html)"
66.249.74.76 - - [14/Sep/2026:23:30:59 -0300] "GET /?detail/0060016393936 HTTP/1.1" 200 165939 "-" "Mozilla/5.0 (Linux; Android 6.0.1; Nexus 5X Build/MMB29P) AppleWebKit/537.36 (KHTML, like Gecko) Chrome/152.0.7977.82 Mobile Safari/537.36 (compatible; GoogleOther)"
66.249.74.76 - - [14/Sep/2026:23:31:54 -0300] "GET /269618551 HTTP/1.1" 200 159473 "-" "Mozilla/5.0 (Linux; Android 6.0.1; Nexus 5X Build/MMB29P) AppleWebKit/537.36 (KHTML, like Gecko) Chrome/152.0.7977.82 Mobile Safari/537.36 (compatible; GoogleOther)"
66.249.74.76 - - [14/Sep/2026:23:32:42 -0300] "GET /9033992 HTTP/1.1" 200 163925 "-" "Mozilla/5.0 (Linux; Android 6.0.1; Nexus 5X Build/MMB29P) AppleWebKit/537.36 (KHTML, like Gecko) Chrome/152.0.7977.82 Mobile Safari/537.36 (compatible; Googlebot/2.1; +http://www.google.com/bot.html)"
66.249.74.77 - - [14/Sep/2026:23:33:20 -0300] "GET /?goods/020000695 HTTP/1.1" 200 165073 "-" "Mozilla/5.0 (Linux; Android 6.0.1; Nexus 5X Build/MMB29P) AppleWebKit/537.36 (KHTML, like Gecko) Chrome/152.0.7977.82 Mobile Safari/537.36 (compatible; GoogleOther)"
66.249.74.76 - - [14/Sep/2026:23:33:39 -0300] "GET /?detail/06600271920732 HTTP/1.1" 200 163997 "-" "Mozilla/5.0 (Linux; Android 6.0.1; Nexus 5X Build/MMB29P) AppleWebKit/537.36 (KHTML, like Gecko) Chrome/152.0.7977.82 Mobile Safari/537.36 (compatible; GoogleOther)"
66.249.74.78 - - [14/Sep/2026:23:34:43 -0300] "GET /category/5_840/1/listing HTTP/1.1" 200 161122 "-" "Mozilla/5.0 (Linux; Android 6.0.1; Nexus 5X Build/MMB29P) AppleWebKit/537.36 (KHTML, like Gecko) Chrome/152.0.7977.82 Mobile Safari/537.36 (compatible; Googlebot/2.1; +http://www.google.com/bot.html)"
66.249.74.76 - - [14/Sep/2026:23:35:29 -0300] "GET /31872261 HTTP/1.1" 200 161177 "-" "Mozilla/5.0 (Linux; Android 6.0.1; Nexus 5X Build/MMB29P) AppleWebKit/537.36 (KHTML, like Gecko) Chrome/152.0.7977.82 Mobile Safari/537.36 (compatible; GoogleOther)"
66.249.74.77 - - [14/Sep/2026:23:35:43 -0300] "GET /special/044019559.html HTTP/1.1" 200 146032 "-" "Mozilla/5.0 (Linux; Android 6.0.1; Nexus 5X Build/MMB29P) AppleWebKit/537.36 (KHTML, like Gecko) Chrome/152.0.7977.82 Mobile Safari/537.36 (compatible; GoogleOther)"
66.249.74.78 - - [14/Sep/2026:23:36:41 -0300] "GET /236586844 HTTP/1.1" 200 159272 "-" "Mozilla/5.0 (Linux; Android 6.0.1; Nexus 5X Build/MMB29P) AppleWebKit/537.36 (KHTML, like Gecko) Chrome/152.0.7977.82 Mobile Safari/537.36 (compatible; Googlebot/2.1; +http://www.google.com/bot.html)"
66.249.74.76 - - [14/Sep/2026:23:36:44 -0300] "GET /q12217474331 HTTP/1.1" 200 159762 "-" "Mozilla/5.0 (Linux; Android 6.0.1; Nexus 5X Build/MMB29P) AppleWebKit/537.36 (KHTML, like Gecko) Chrome/152.0.7977.82 Mobile Safari/537.36 (compatible; GoogleOther)"
66.249.74.77 - - [14/Sep/2026:23:36:48 -0300] "GET /j10378393581 HTTP/1.1" 200 158426 "-" "Mozilla/5.0 (Linux; Android 6.0.1; Nexus 5X Build/MMB29P) AppleWebKit/537.36 (KHTML, like Gecko) Chrome/152.0.7977.82 Mobile Safari/537.36 (compatible; GoogleOther)"
66.249.74.76 - - [14/Sep/2026:23:36:53 -0300] "GET /o12415262041 HTTP/1.1" 200 167583 "-" "Mozilla/5.0 (Linux; Android 6.0.1; Nexus 5X Build/MMB29P) AppleWebKit/537.36 (KHTML, like Gecko) Chrome/152.0.7977.82 Mobile Safari/537.36 (compatible; GoogleOther)"
66.249.74.78 - - [14/Sep/2026:23:37:16 -0300] "GET /special/070026415.html HTTP/1.1" 200 171432 "-" "Mozilla/5.0 (Linux; Android 6.0.1; Nexus 5X Build/MMB29P) AppleWebKit/537.36 (KHTML, like Gecko) Chrome/152.0.7977.82 Mobile Safari/537.36 (compatible; GoogleOther)"
66.249.74.76 - - [14/Sep/2026:23:38:01 -0300] "GET /special/261040954.html HTTP/1.1" 200 146134 "-" "Mozilla/5.0 (Linux; Android 6.0.1; Nexus 5X Build/MMB29P) AppleWebKit/537.36 (KHTML, like Gecko) Chrome/152.0.7977.82 Mobile Safari/537.36 (compatible; GoogleOther)"
66.249.74.77 - - [14/Sep/2026:23:38:40 -0300] "GET /special/053000878.html HTTP/1.1" 200 165096 "-" "Mozilla/5.0 (Linux; Android 6.0.1; Nexus 5X Build/MMB29P) AppleWebKit/537.36 (KHTML, like Gecko) Chrome/152.0.7977.82 Mobile Safari/537.36 (compatible; Googlebot/2.1; +http://www.google.com/bot.html)"
66.249.74.76 - - [14/Sep/2026:23:39:09 -0300] "GET /?detail/058003432660 HTTP/1.1" 200 166723 "-" "Mozilla/5.0 (Linux; Android 6.0.1; Nexus 5X Build/MMB29P) AppleWebKit/537.36 (KHTML, like Gecko) Chrome/152.0.7977.82 Mobile Safari/537.36 (compatible; GoogleOther)"
66.249.74.77 - - [14/Sep/2026:23:40:15 -0300] "GET /433245581 HTTP/1.1" 200 157773 "-" "Mozilla/5.0 (Linux; Android 6.0.1; Nexus 5X Build/MMB29P) AppleWebKit/537.36 (KHTML, like Gecko) Chrome/152.0.7977.82 Mobile Safari/537.36 (compatible; Googlebot/2.1; +http://www.google.com/bot.html)"
66.249.74.76 - - [14/Sep/2026:23:40:40 -0300] "GET /special/282023105.html HTTP/1.1" 200 159060 "-" "Mozilla/5.0 (Linux; Android 6.0.1; Nexus 5X Build/MMB29P) AppleWebKit/537.36 (KHTML, like Gecko) Chrome/152.0.7977.82 Mobile Safari/537.36 (compatible; GoogleOther)"
66.249.74.76 - - [14/Sep/2026:23:40:44 -0300] "GET /category/199_793_794/1/listing HTTP/1.1" 200 164724 "-" "Mozilla/5.0 (Linux; Android 6.0.1; Nexus 5X Build/MMB29P) AppleWebKit/537.36 (KHTML, like Gecko) Chrome/152.0.7977.82 Mobile Safari/537.36 (compatible; GoogleOther)"
66.249.74.76 - - [14/Sep/2026:23:41:16 -0300] "GET /special/023000704.html HTTP/1.1" 200 146110 "-" "Mozilla/5.0 (Linux; Android 6.0.1; Nexus 5X Build/MMB29P) AppleWebKit/537.36 (KHTML, like Gecko) Chrome/152.0.7977.82 Mobile Safari/537.36 (compatible; GoogleOther)"
66.249.74.76 - - [14/Sep/2026:23:41:48 -0300] "GET /8623932 HTTP/1.1" 200 161218 "-" "Mozilla/5.0 (Linux; Android 6.0.1; Nexus 5X Build/MMB29P) AppleWebKit/537.36 (KHTML, like Gecko) Chrome/152.0.7977.82 Mobile Safari/537.36 (compatible; Googlebot/2.1; +http://www.google.com/bot.html)"
66.249.74.76 - - [14/Sep/2026:23:43:07 -0300] "GET /special/020000753.html HTTP/1.1" 200 156926 "-" "Mozilla/5.0 (Linux; Android 6.0.1; Nexus 5X Build/MMB29P) AppleWebKit/537.36 (KHTML, like Gecko) Chrome/152.0.7977.82 Mobile Safari/537.36 (compatible; GoogleOther)"
66.249.74.76 - - [14/Sep/2026:23:43:48 -0300] "GET /outlet/027005931.html HTTP/1.1" 200 167540 "-" "Mozilla/5.0 (Linux; Android 6.0.1; Nexus 5X Build/MMB29P) AppleWebKit/537.36 (KHTML, like Gecko) Chrome/152.0.7977.82 Mobile Safari/537.36 (compatible; Googlebot/2.1; +http://www.google.com/bot.html)"
66.249.74.76 - - [14/Sep/2026:23:43:50 -0300] "GET /o12418080671 HTTP/1.1" 200 164846 "-" "Mozilla/5.0 (Linux; Android 6.0.1; Nexus 5X Build/MMB29P) AppleWebKit/537.36 (KHTML, like Gecko) Chrome/152.0.7977.82 Mobile Safari/537.36 (compatible; GoogleOther)"
66.249.74.76 - - [14/Sep/2026:23:44:53 -0300] "GET /special/075000878.html HTTP/1.1" 200 154533 "-" "Mozilla/5.0 (Linux; Android 6.0.1; Nexus 5X Build/MMB29P) AppleWebKit/537.36 (KHTML, like Gecko) Chrome/152.0.7977.82 Mobile Safari/537.36 (compatible; Googlebot/2.1; +http://www.google.com/bot.html)"
66.249.74.78 - - [14/Sep/2026:23:45:26 -0300] "GET /?jp/126027787.html HTTP/1.1" 200 166794 "-" "Mozilla/5.0 (Linux; Android 6.0.1; Nexus 5X Build/MMB29P) AppleWebKit/537.36 (KHTML, like Gecko) Chrome/152.0.7977.82 Mobile Safari/537.36 (compatible; GoogleOther)"
66.249.74.77 - - [14/Sep/2026:23:45:59 -0300] "GET /11506404671 HTTP/1.1" 200 158611 "-" "Mozilla/5.0 (Linux; Android 6.0.1; Nexus 5X Build/MMB29P) AppleWebKit/537.36 (KHTML, like Gecko) Chrome/152.0.7977.82 Mobile Safari/537.36 (compatible; GoogleOther)"
66.249.74.76 - - [14/Sep/2026:23:46:04 -0300] "GET /e12121605001 HTTP/1.1" 200 157233 "-" "Mozilla/5.0 (Linux; Android 6.0.1; Nexus 5X Build/MMB29P) AppleWebKit/537.36 (KHTML, like Gecko) Chrome/152.0.7977.82 Mobile Safari/537.36 (compatible; GoogleOther)"
66.249.74.76 - - [14/Sep/2026:23:46:26 -0300] "GET /7777168 HTTP/1.1" 200 160834 "-" "Mozilla/5.0 (Linux; Android 6.0.1; Nexus 5X Build/MMB29P) AppleWebKit/537.36 (KHTML, like Gecko) Chrome/152.0.7977.82 Mobile Safari/537.36 (compatible; Googlebot/2.1; +http://www.google.com/bot.html)"
66.249.74.76 - - [14/Sep/2026:23:47:49 -0300] "GET /t10891357851 HTTP/1.1" 200 171724 "-" "Mozilla/5.0 (Linux; Android 6.0.1; Nexus 5X Build/MMB29P) AppleWebKit/537.36 (KHTML, like Gecko) Chrome/152.0.7977.82 Mobile Safari/537.36 (compatible; GoogleOther)"
66.249.74.78 - - [14/Sep/2026:23:48:02 -0300] "GET /4970954 HTTP/1.1" 200 161879 "-" "Mozilla/5.0 (Linux; Android 6.0.1; Nexus 5X Build/MMB29P) AppleWebKit/537.36 (KHTML, like Gecko) Chrome/152.0.7977.82 Mobile Safari/537.36 (compatible; Googlebot/2.1; +http://www.google.com/bot.html)"
66.249.74.76 - - [14/Sep/2026:23:48:13 -0300] "GET /pw/ HTTP/1.1" 200 162460 "-" "Mozilla/5.0 (Linux; Android 6.0.1; Nexus 5X Build/MMB29P) AppleWebKit/537.36 (KHTML, like Gecko) Chrome/152.0.7977.82 Mobile Safari/537.36 (compatible; GoogleOther)"
66.249.74.78 - - [14/Sep/2026:23:49:35 -0300] "GET /category/172_5219/1/listing HTTP/1.1" 200 162512 "-" "Mozilla/5.0 (Linux; Android 6.0.1; Nexus 5X Build/MMB29P) AppleWebKit/537.36 (KHTML, like Gecko) Chrome/152.0.7977.82 Mobile Safari/537.36 (compatible; Googlebot/2.1; +http://www.google.com/bot.html)"
66.249.74.77 - - [14/Sep/2026:23:49:59 -0300] "GET /o11818235931 HTTP/1.1" 200 161170 "-" "Mozilla/5.0 (Linux; Android 6.0.1; Nexus 5X Build/MMB29P) AppleWebKit/537.36 (KHTML, like Gecko) Chrome/152.0.7977.82 Mobile Safari/537.36 (compatible; GoogleOther)"
66.249.74.76 - - [14/Sep/2026:23:50:07 -0300] "GET /outlet/165013535.html HTTP/1.1" 200 164932 "-" "Mozilla/5.0 (Linux; Android 6.0.1; Nexus 5X Build/MMB29P) AppleWebKit/537.36 (KHTML, like Gecko) Chrome/152.0.7977.82 Mobile Safari/537.36 (compatible; GoogleOther)"
66.249.74.76 - - [14/Sep/2026:23:50:55 -0300] "GET /k12053857141 HTTP/1.1" 200 168117 "-" "Mozilla/5.0 (Linux; Android 6.0.1; Nexus 5X Build/MMB29P) AppleWebKit/537.36 (KHTML, like Gecko) Chrome/152.0.7977.82 Mobile Safari/537.36 (compatible; GoogleOther)"
66.249.74.77 - - [14/Sep/2026:23:51:06 -0300] "GET /4961553 HTTP/1.1" 200 161809 "-" "Mozilla/5.0 (Linux; Android 6.0.1; Nexus 5X Build/MMB29P) AppleWebKit/537.36 (KHTML, like Gecko) Chrome/152.0.7977.82 Mobile Safari/537.36 (compatible; Googlebot/2.1; +http://www.google.com/bot.html)"
66.249.74.78 - - [14/Sep/2026:23:52:10 -0300] "GET /l4295406161 HTTP/1.1" 200 172863 "-" "Mozilla/5.0 (Linux; Android 6.0.1; Nexus 5X Build/MMB29P) AppleWebKit/537.36 (KHTML, like Gecko) Chrome/152.0.7977.82 Mobile Safari/537.36 (compatible; GoogleOther)"
66.249.74.77 - - [14/Sep/2026:23:52:41 -0300] "GET /3135383 HTTP/1.1" 200 159269 "-" "Mozilla/5.0 (Linux; Android 6.0.1; Nexus 5X Build/MMB29P) AppleWebKit/537.36 (KHTML, like Gecko) Chrome/152.0.7977.82 Mobile Safari/537.36 (compatible; Googlebot/2.1; +http://www.google.com/bot.html)"
66.249.74.77 - - [14/Sep/2026:23:53:20 -0300] "GET /f11357656041 HTTP/1.1" 200 161615 "-" "Mozilla/5.0 (Linux; Android 6.0.1; Nexus 5X Build/MMB29P) AppleWebKit/537.36 (KHTML, like Gecko) Chrome/152.0.7977.82 Mobile Safari/537.36 (compatible; GoogleOther)"
66.249.74.76 - - [14/Sep/2026:23:54:17 -0300] "GET /9034355 HTTP/1.1" 200 165751 "-" "Mozilla/5.0 (Linux; Android 6.0.1; Nexus 5X Build/MMB29P) AppleWebKit/537.36 (KHTML, like Gecko) Chrome/152.0.7977.82 Mobile Safari/537.36 (compatible; Googlebot/2.1; +http://www.google.com/bot.html)"
66.249.74.76 - - [14/Sep/2026:23:54:21 -0300] "GET /?detail/1540304882605 HTTP/1.1" 200 171950 "-" "Mozilla/5.0 (Linux; Android 6.0.1; Nexus 5X Build/MMB29P) AppleWebKit/537.36 (KHTML, like Gecko) Chrome/152.0.7977.82 Mobile Safari/537.36 (compatible; GoogleOther)"
66.249.74.76 - - [14/Sep/2026:23:54:48 -0300] "GET /247545595 HTTP/1.1" 200 160610 "-" "Mozilla/5.0 (Linux; Android 6.0.1; Nexus 5X Build/MMB29P) AppleWebKit/537.36 (KHTML, like Gecko) Chrome/152.0.7977.82 Mobile Safari/537.36 (compatible; GoogleOther)"
66.249.74.77 - - [14/Sep/2026:23:55:49 -0300] "GET /6904284 HTTP/1.1" 200 168239 "-" "Mozilla/5.0 (Linux; Android 6.0.1; Nexus 5X Build/MMB29P) AppleWebKit/537.36 (KHTML, like Gecko) Chrome/152.0.7977.82 Mobile Safari/537.36 (compatible; Googlebot/2.1; +http://www.google.com/bot.html)"
66.249.74.76 - - [14/Sep/2026:23:55:54 -0300] "GET /?detail/08100015805698 HTTP/1.1" 200 168564 "-" "Mozilla/5.0 (Linux; Android 6.0.1; Nexus 5X Build/MMB29P) AppleWebKit/537.36 (KHTML, like Gecko) Chrome/152.0.7977.82 Mobile Safari/537.36 (compatible; GoogleOther)"
66.249.74.77 - - [14/Sep/2026:23:56:32 -0300] "GET /6027979 HTTP/1.1" 200 158204 "-" "Mozilla/5.0 (Linux; Android 6.0.1; Nexus 5X Build/MMB29P) AppleWebKit/537.36 (KHTML, like Gecko) Chrome/152.0.7977.82 Mobile Safari/537.36 (compatible; GoogleOther)"
66.249.74.76 - - [14/Sep/2026:23:57:19 -0300] "GET /shop/customer/bookmark.aspx HTTP/1.1" 200 165451 "-" "Mozilla/5.0 (Linux; Android 6.0.1; Nexus 5X Build/MMB29P) AppleWebKit/537.36 (KHTML, like Gecko) Chrome/152.0.7977.82 Mobile Safari/537.36 (compatible; Googlebot/2.1; +http://www.google.com/bot.html)"
198.204.240.234 - - [14/Sep/2026:23:57:41 -0300] "GET /wp-includes/ad41931d/index.php HTTP/1.1" 200 6 "https://tienda.simplesystems.cl/wp-includes/ad41931d/index.php" "Mozilla/5.0 (compatible; MSIE 10.0; Windows NT 6.2; Win64; x64; Trident/6.0)"
66.249.74.76 - - [14/Sep/2026:23:58:26 -0300] "GET /5254869 HTTP/1.1" 200 158170 "-" "Mozilla/5.0 (Linux; Android 6.0.1; Nexus 5X Build/MMB29P) AppleWebKit/537.36 (KHTML, like Gecko) Chrome/152.0.7977.82 Mobile Safari/537.36 (compatible; GoogleOther)"
