/usr/local/apache/domlogs/simp499cl
Edit: /usr/local/apache/domlogs/simp499cl/tienda.simplesystems.cl-ssl_log (100626B)
66.249.74.77 - - [14/Sep/2026:17:01:54 -0300] "GET /special/020000607.html HTTP/1.1" 200 161455 "-" "Mozilla/5.0 (Linux; Android 6.0.1; Nexus 5X Build/MMB29P) AppleWebKit/537.36 (KHTML, like Gecko) Chrome/152.0.7977.82 Mobile Safari/537.36 (compatible; GoogleOther)"
66.249.74.78 - - [14/Sep/2026:17:06:59 -0300] "GET /149038731 HTTP/1.1" 200 161115 "-" "Mozilla/5.0 (Linux; Android 6.0.1; Nexus 5X Build/MMB29P) AppleWebKit/537.36 (KHTML, like Gecko) Chrome/152.0.7977.82 Mobile Safari/537.36 (compatible; GoogleOther)"
66.249.74.78 - - [14/Sep/2026:17:06:58 -0300] "GET /special/025008394.html HTTP/1.1" 200 155486 "-" "Mozilla/5.0 (Linux; Android 6.0.1; Nexus 5X Build/MMB29P) AppleWebKit/537.36 (KHTML, like Gecko) Chrome/152.0.7977.82 Mobile Safari/537.36 (compatible; Googlebot/2.1; +http://www.google.com/bot.html)"
66.249.74.76 - - [14/Sep/2026:17:07:19 -0300] "GET /special/036000683.html HTTP/1.1" 200 166895 "-" "Mozilla/5.0 (Linux; Android 6.0.1; Nexus 5X Build/MMB29P) AppleWebKit/537.36 (KHTML, like Gecko) Chrome/152.0.7977.82 Mobile Safari/537.36 (compatible; Googlebot/2.1; +http://www.google.com/bot.html)"
66.249.74.77 - - [14/Sep/2026:17:07:19 -0300] "GET /outlet/025000843.html HTTP/1.1" 200 149450 "-" "Mozilla/5.0 (Linux; Android 6.0.1; Nexus 5X Build/MMB29P) AppleWebKit/537.36 (KHTML, like Gecko) Chrome/152.0.7977.82 Mobile Safari/537.36 (compatible; Googlebot/2.1; +http://www.google.com/bot.html)"
66.249.74.76 - - [14/Sep/2026:17:07:21 -0300] "GET /82400636 HTTP/1.1" 200 158776 "-" "Mozilla/5.0 (Linux; Android 6.0.1; Nexus 5X Build/MMB29P) AppleWebKit/537.36 (KHTML, like Gecko) Chrome/152.0.7977.82 Mobile Safari/537.36 (compatible; Googlebot/2.1; +http://www.google.com/bot.html)"
66.249.74.77 - - [14/Sep/2026:17:07:21 -0300] "GET /outlet/049000517.html HTTP/1.1" 200 161592 "-" "Mozilla/5.0 (Linux; Android 6.0.1; Nexus 5X Build/MMB29P) AppleWebKit/537.36 (KHTML, like Gecko) Chrome/152.0.7977.82 Mobile Safari/537.36 (compatible; Googlebot/2.1; +http://www.google.com/bot.html)"
66.249.74.76 - - [14/Sep/2026:17:07:29 -0300] "GET /outlet/030000802.html HTTP/1.1" 200 158954 "-" "Mozilla/5.0 (Linux; Android 6.0.1; Nexus 5X Build/MMB29P) AppleWebKit/537.36 (KHTML, like Gecko) Chrome/152.0.7977.82 Mobile Safari/537.36 (compatible; Googlebot/2.1; +http://www.google.com/bot.html)"
87.236.176.57 - - [14/Sep/2026:17:09:57 -0300] "GET / HTTP/1.1" 200 - "-" "Mozilla/5.0 (compatible; InternetMeasurement/1.0; +https://internet-measurement.com/)"
66.249.74.78 - - [14/Sep/2026:17:16:55 -0300] "GET /149038731 HTTP/1.1" 200 161159 "-" "Mozilla/5.0 (Linux; Android 6.0.1; Nexus 5X Build/MMB29P) AppleWebKit/537.36 (KHTML, like Gecko) Chrome/152.0.7977.82 Mobile Safari/537.36 (compatible; Googlebot/2.1; +http://www.google.com/bot.html)"
66.249.74.77 - - [14/Sep/2026:17:17:18 -0300] "GET /outlet/038000432.html HTTP/1.1" 200 162361 "-" "Mozilla/5.0 (Linux; Android 6.0.1; Nexus 5X Build/MMB29P) AppleWebKit/537.36 (KHTML, like Gecko) Chrome/152.0.7977.82 Mobile Safari/537.36 (compatible; Googlebot/2.1; +http://www.google.com/bot.html)"
198.204.240.234 - - [14/Sep/2026:17:19:05 -0300] "GET /wp-includes/ad41931d/index.php HTTP/1.1" 200 6 "https://tienda.simplesystems.cl/wp-includes/ad41931d/index.php" "Mozilla/5.0 (compatible; MSIE 9.0; Windows NT 6.1; WOW64; Trident/5.0; SLCC2; .NET CLR 2.0.50727; .NET CLR 3.5.30729; .NET CLR 3.0.30729; Media Center PC 6.0; MAGW; .NET4.0C; Lunascape 6.5.8.24780)"
198.204.240.234 - - [14/Sep/2026:17:18:45 -0300] "GET /wp-includes/ad41931d/index.php HTTP/1.1" 200 - "https://tienda.simplesystems.cl/wp-includes/ad41931d/index.php" "Mozilla/5.0 (Macintosh; U; Intel Mac OS X 10_6_3; ja-jp) AppleWebKit/531.21.11 (KHTML, like Gecko) Version/4.0.4 Safari/531.21.10"
66.249.65.198 - - [14/Sep/2026:17:20:39 -0300] "GET /outlet/207017181.html HTTP/1.1" 200 166486 "-" "Mozilla/5.0 (Linux; Android 6.0.1; Nexus 5X Build/MMB29P) AppleWebKit/537.36 (KHTML, like Gecko) Chrome/152.0.7977.82 Mobile Safari/537.36 (compatible; GoogleOther)"
66.249.74.78 - - [14/Sep/2026:17:31:10 -0300] "GET /outlet/059000235.html HTTP/1.1" 200 161944 "-" "Mozilla/5.0 (Linux; Android 6.0.1; Nexus 5X Build/MMB29P) AppleWebKit/537.36 (KHTML, like Gecko) Chrome/152.0.7977.82 Mobile Safari/537.36 (compatible; Googlebot/2.1; +http://www.google.com/bot.html)"
66.249.74.76 - - [14/Sep/2026:17:31:59 -0300] "GET /category/266_267_2219/1/listing HTTP/1.1" 200 160542 "-" "Mozilla/5.0 (Linux; Android 6.0.1; Nexus 5X Build/MMB29P) AppleWebKit/537.36 (KHTML, like Gecko) Chrome/152.0.7977.82 Mobile Safari/537.36 (compatible; GoogleOther)"
66.249.74.77 - - [14/Sep/2026:17:35:50 -0300] "GET /2553105 HTTP/1.1" 200 164968 "-" "Mozilla/5.0 (Linux; Android 6.0.1; Nexus 5X Build/MMB29P) AppleWebKit/537.36 (KHTML, like Gecko) Chrome/152.0.7977.82 Mobile Safari/537.36 (compatible; Googlebot/2.1; +http://www.google.com/bot.html)"
66.249.74.78 - - [14/Sep/2026:17:37:24 -0300] "GET /special/018000293.html HTTP/1.1" 200 162789 "-" "Mozilla/5.0 (Linux; Android 6.0.1; Nexus 5X Build/MMB29P) AppleWebKit/537.36 (KHTML, like Gecko) Chrome/152.0.7977.82 Mobile Safari/537.36 (compatible; Googlebot/2.1; +http://www.google.com/bot.html)"
66.249.74.78 - - [14/Sep/2026:17:39:24 -0300] "GET /7528555 HTTP/1.1" 200 162679 "-" "Mozilla/5.0 (Linux; Android 6.0.1; Nexus 5X Build/MMB29P) AppleWebKit/537.36 (KHTML, like Gecko) Chrome/152.0.7977.82 Mobile Safari/537.36 (compatible; GoogleOther)"
66.249.74.78 - - [14/Sep/2026:17:43:21 -0300] "GET /special/099000278.html HTTP/1.1" 200 164998 "-" "Mozilla/5.0 (Linux; Android 6.0.1; Nexus 5X Build/MMB29P) AppleWebKit/537.36 (KHTML, like Gecko) Chrome/152.0.7977.82 Mobile Safari/537.36 (compatible; Googlebot/2.1; +http://www.google.com/bot.html)"
66.249.74.76 - - [14/Sep/2026:17:47:44 -0300] "GET /5647860 HTTP/1.1" 200 165343 "-" "Mozilla/5.0 (Linux; Android 6.0.1; Nexus 5X Build/MMB29P) AppleWebKit/537.36 (KHTML, like Gecko) Chrome/152.0.7977.82 Mobile Safari/537.36 (compatible; GoogleOther)"
66.249.74.77 - - [14/Sep/2026:17:48:05 -0300] "GET /outlet/003000271.html HTTP/1.1" 200 158942 "-" "Mozilla/5.0 (Linux; Android 6.0.1; Nexus 5X Build/MMB29P) AppleWebKit/537.36 (KHTML, like Gecko) Chrome/152.0.7977.82 Mobile Safari/537.36 (compatible; Googlebot/2.1; +http://www.google.com/bot.html)"
66.249.74.76 - - [14/Sep/2026:17:49:41 -0300] "GET /outlet/084000526.html HTTP/1.1" 200 157340 "-" "Mozilla/5.0 (Linux; Android 6.0.1; Nexus 5X Build/MMB29P) AppleWebKit/537.36 (KHTML, like Gecko) Chrome/152.0.7977.82 Mobile Safari/537.36 (compatible; Googlebot/2.1; +http://www.google.com/bot.html)"
66.249.74.76 - - [14/Sep/2026:17:52:37 -0300] "GET /shop/pg/1sancyoku/ HTTP/1.1" 200 158138 "-" "Mozilla/5.0 (Linux; Android 6.0.1; Nexus 5X Build/MMB29P) AppleWebKit/537.36 (KHTML, like Gecko) Chrome/152.0.7977.82 Mobile Safari/537.36 (compatible; GoogleOther)"
66.249.74.77 - - [14/Sep/2026:17:55:48 -0300] "GET /shop/pg/1sancyoku/ HTTP/1.1" 200 158191 "-" "Mozilla/5.0 (Linux; Android 6.0.1; Nexus 5X Build/MMB29P) AppleWebKit/537.36 (KHTML, like Gecko) Chrome/152.0.7977.82 Mobile Safari/537.36 (compatible; Googlebot/2.1; +http://www.google.com/bot.html)"
66.249.74.76 - - [14/Sep/2026:17:58:24 -0300] "GET /special/034000019.html HTTP/1.1" 200 164285 "-" "Mozilla/5.0 (Linux; Android 6.0.1; Nexus 5X Build/MMB29P) AppleWebKit/537.36 (KHTML, like Gecko) Chrome/152.0.7977.82 Mobile Safari/537.36 (compatible; Googlebot/2.1; +http://www.google.com/bot.html)"
66.249.74.78 - - [14/Sep/2026:18:01:34 -0300] "GET /special/080020321.html HTTP/1.1" 200 159817 "-" "Mozilla/5.0 (Linux; Android 6.0.1; Nexus 5X Build/MMB29P) AppleWebKit/537.36 (KHTML, like Gecko) Chrome/152.0.7977.82 Mobile Safari/537.36 (compatible; GoogleOther)"
66.249.74.76 - - [14/Sep/2026:18:01:44 -0300] "GET /28027610 HTTP/1.1" 200 166949 "-" "Mozilla/5.0 (Linux; Android 6.0.1; Nexus 5X Build/MMB29P) AppleWebKit/537.36 (KHTML, like Gecko) Chrome/152.0.7977.82 Mobile Safari/537.36 (compatible; GoogleOther)"
66.249.74.76 - - [14/Sep/2026:18:01:52 -0300] "GET /b12376653831 HTTP/1.1" 200 165427 "-" "Mozilla/5.0 (Linux; Android 6.0.1; Nexus 5X Build/MMB29P) AppleWebKit/537.36 (KHTML, like Gecko) Chrome/152.0.7977.82 Mobile Safari/537.36 (compatible; GoogleOther)"
66.249.74.77 - - [14/Sep/2026:18:02:02 -0300] "GET /category/5/1/listing HTTP/1.1" 200 170414 "-" "Mozilla/5.0 (Linux; Android 6.0.1; Nexus 5X Build/MMB29P) AppleWebKit/537.36 (KHTML, like Gecko) Chrome/152.0.7977.82 Mobile Safari/537.36 (compatible; GoogleOther)"
66.249.74.77 - - [14/Sep/2026:18:02:07 -0300] "GET /goods.php HTTP/1.1" 200 159766 "-" "Mozilla/5.0 (Linux; Android 6.0.1; Nexus 5X Build/MMB29P) AppleWebKit/537.36 (KHTML, like Gecko) Chrome/152.0.7977.82 Mobile Safari/537.36 (compatible; GoogleOther)"
66.249.74.76 - - [14/Sep/2026:18:04:27 -0300] "GET /730025165 HTTP/1.1" 200 161924 "-" "Mozilla/5.0 (Linux; Android 6.0.1; Nexus 5X Build/MMB29P) AppleWebKit/537.36 (KHTML, like Gecko) Chrome/152.0.7977.82 Mobile Safari/537.36 (compatible; GoogleOther)"
66.249.74.77 - - [14/Sep/2026:18:06:29 -0300] "GET /8440089 HTTP/1.1" 200 176225 "-" "Mozilla/5.0 (Linux; Android 6.0.1; Nexus 5X Build/MMB29P) AppleWebKit/537.36 (KHTML, like Gecko) Chrome/152.0.7977.82 Mobile Safari/537.36 (compatible; GoogleOther)"
66.249.74.76 - - [14/Sep/2026:18:07:47 -0300] "GET /?detail/0070017384998 HTTP/1.1" 200 159198 "-" "Mozilla/5.0 (Linux; Android 6.0.1; Nexus 5X Build/MMB29P) AppleWebKit/537.36 (KHTML, like Gecko) Chrome/152.0.7977.82 Mobile Safari/537.36 (compatible; GoogleOther)"
66.249.74.76 - - [14/Sep/2026:18:07:51 -0300] "GET /special/072001255.html HTTP/1.1" 200 162140 "-" "Mozilla/5.0 (Linux; Android 6.0.1; Nexus 5X Build/MMB29P) AppleWebKit/537.36 (KHTML, like Gecko) Chrome/152.0.7977.82 Mobile Safari/537.36 (compatible; GoogleOther)"
66.249.74.76 - - [14/Sep/2026:18:07:55 -0300] "GET /t12330425631 HTTP/1.1" 200 163588 "-" "Mozilla/5.0 (Linux; Android 6.0.1; Nexus 5X Build/MMB29P) AppleWebKit/537.36 (KHTML, like Gecko) Chrome/152.0.7977.82 Mobile Safari/537.36 (compatible; GoogleOther)"
94.154.43.74 - - [14/Sep/2026:18:14:16 -0300] "GET /.env HTTP/1.1" 403 - "-" "Mozilla/5.0 (Windows NT 10.0; Win64; x64) AppleWebKit/537.36 (KHTML, like Gecko) Chrome/147.0.0.0 Safari/537.36"
66.249.74.77 - - [14/Sep/2026:18:15:48 -0300] "GET /28027610 HTTP/1.1" 200 166866 "-" "Mozilla/5.0 (Linux; Android 6.0.1; Nexus 5X Build/MMB29P) AppleWebKit/537.36 (KHTML, like Gecko) Chrome/152.0.7977.82 Mobile Safari/537.36 (compatible; Googlebot/2.1; +http://www.google.com/bot.html)"
66.249.74.76 - - [14/Sep/2026:18:16:54 -0300] "GET /328794877 HTTP/1.1" 200 158722 "-" "Mozilla/5.0 (Linux; Android 6.0.1; Nexus 5X Build/MMB29P) AppleWebKit/537.36 (KHTML, like Gecko) Chrome/152.0.7977.82 Mobile Safari/537.36 (compatible; GoogleOther)"
66.249.74.78 - - [14/Sep/2026:18:18:32 -0300] "GET /special/023000704.html HTTP/1.1" 200 145898 "-" "Mozilla/5.0 (Linux; Android 6.0.1; Nexus 5X Build/MMB29P) AppleWebKit/537.36 (KHTML, like Gecko) Chrome/152.0.7977.82 Mobile Safari/537.36 (compatible; Googlebot/2.1; +http://www.google.com/bot.html)"
66.249.74.77 - - [14/Sep/2026:18:25:14 -0300] "GET /outlet/288037702.html HTTP/1.1" 200 159043 "-" "Mozilla/5.0 (Linux; Android 6.0.1; Nexus 5X Build/MMB29P) AppleWebKit/537.36 (KHTML, like Gecko) Chrome/152.0.7977.82 Mobile Safari/537.36 (compatible; GoogleOther)"
198.204.240.234 - - [14/Sep/2026:18:26:02 -0300] "GET /wp-includes/ad41931d/index.php HTTP/1.1" 200 6 "https://tienda.simplesystems.cl/wp-includes/ad41931d/index.php" "Mozilla/4.0 (compatible; MSIE 7.0; Windows NT 5.1)"
66.249.74.76 - - [14/Sep/2026:18:26:41 -0300] "GET /special/075000878.html HTTP/1.1" 200 154193 "-" "Mozilla/5.0 (Linux; Android 6.0.1; Nexus 5X Build/MMB29P) AppleWebKit/537.36 (KHTML, like Gecko) Chrome/152.0.7977.82 Mobile Safari/537.36 (compatible; Googlebot/2.1; +http://www.google.com/bot.html)"
198.204.240.234 - - [14/Sep/2026:18:25:42 -0300] "GET /wp-includes/ad41931d/index.php HTTP/1.1" 200 - "https://tienda.simplesystems.cl/wp-includes/ad41931d/index.php" "Mozilla/4.0 (compatible; MSIE 7.0; Windows NT 5.1; .NET CLR 1.1.4322; .NET CLR 2.0.50727; .NET CLR 3.0.04506.30)"
66.249.74.76 - - [14/Sep/2026:18:29:24 -0300] "GET /special/229004060.html HTTP/1.1" 200 165079 "-" "Mozilla/5.0 (Linux; Android 6.0.1; Nexus 5X Build/MMB29P) AppleWebKit/537.36 (KHTML, like Gecko) Chrome/152.0.7977.82 Mobile Safari/537.36 (compatible; GoogleOther)"
66.249.74.77 - - [14/Sep/2026:18:35:45 -0300] "GET /730025165 HTTP/1.1" 200 162009 "-" "Mozilla/5.0 (Linux; Android 6.0.1; Nexus 5X Build/MMB29P) AppleWebKit/537.36 (KHTML, like Gecko) Chrome/152.0.7977.82 Mobile Safari/537.36 (compatible; Googlebot/2.1; +http://www.google.com/bot.html)"
66.249.74.78 - - [14/Sep/2026:18:41:56 -0300] "GET /87082966 HTTP/1.1" 200 168235 "-" "Mozilla/5.0 (Linux; Android 6.0.1; Nexus 5X Build/MMB29P) AppleWebKit/537.36 (KHTML, like Gecko) Chrome/152.0.7977.82 Mobile Safari/537.36 (compatible; GoogleOther)"
66.249.74.76 - - [14/Sep/2026:18:48:25 -0300] "GET /19186424 HTTP/1.1" 200 163523 "-" "Mozilla/5.0 (Linux; Android 6.0.1; Nexus 5X Build/MMB29P) AppleWebKit/537.36 (KHTML, like Gecko) Chrome/152.0.7977.82 Mobile Safari/537.36 (compatible; GoogleOther)"
66.249.74.77 - - [14/Sep/2026:18:51:04 -0300] "GET /outlet/170027652.html HTTP/1.1" 200 144639 "-" "Mozilla/5.0 (Linux; Android 6.0.1; Nexus 5X Build/MMB29P) AppleWebKit/537.36 (KHTML, like Gecko) Chrome/152.0.7977.82 Mobile Safari/537.36 (compatible; GoogleOther)"
66.249.74.76 - - [14/Sep/2026:18:51:45 -0300] "GET /outlet/087000277.html HTTP/1.1" 200 157064 "-" "Mozilla/5.0 (Linux; Android 6.0.1; Nexus 5X Build/MMB29P) AppleWebKit/537.36 (KHTML, like Gecko) Chrome/152.0.7977.82 Mobile Safari/537.36 (compatible; Googlebot/2.1; +http://www.google.com/bot.html)"
66.249.74.76 - - [14/Sep/2026:18:52:03 -0300] "GET /87082966 HTTP/1.1" 200 168224 "-" "Mozilla/5.0 (Linux; Android 6.0.1; Nexus 5X Build/MMB29P) AppleWebKit/537.36 (KHTML, like Gecko) Chrome/152.0.7977.82 Mobile Safari/537.36 (compatible; Googlebot/2.1; +http://www.google.com/bot.html)"
66.249.74.77 - - [14/Sep/2026:18:54:24 -0300] "GET /385005381 HTTP/1.1" 200 163164 "-" "Mozilla/5.0 (Linux; Android 6.0.1; Nexus 5X Build/MMB29P) AppleWebKit/537.36 (KHTML, like Gecko) Chrome/152.0.7977.82 Mobile Safari/537.36 (compatible; GoogleOther)"
66.249.74.77 - - [14/Sep/2026:18:56:56 -0300] "GET /?goods/008010159 HTTP/1.1" 200 195323 "-" "Mozilla/5.0 (Linux; Android 6.0.1; Nexus 5X Build/MMB29P) AppleWebKit/537.36 (KHTML, like Gecko) Chrome/152.0.7977.82 Mobile Safari/537.36 (compatible; GoogleOther)"
66.249.74.78 - - [14/Sep/2026:18:57:35 -0300] "GET /special/199035954.html HTTP/1.1" 200 148258 "-" "Mozilla/5.0 (Linux; Android 6.0.1; Nexus 5X Build/MMB29P) AppleWebKit/537.36 (KHTML, like Gecko) Chrome/152.0.7977.82 Mobile Safari/537.36 (compatible; GoogleOther)"
198.204.240.234 - - [14/Sep/2026:19:00:08 -0300] "GET /wp-includes/ad41931d/index.php HTTP/1.1" 200 6 "https://tienda.simplesystems.cl/wp-includes/ad41931d/index.php" "Mozilla/4.0 (compatible; MSIE 8.0; Windows NT 5.1; Trident/4.0; .NET CLR 2.0.50727; InfoPath.1"
66.249.74.77 - - [14/Sep/2026:19:00:47 -0300] "GET /618280875 HTTP/1.1" 200 164701 "-" "Mozilla/5.0 (Linux; Android 6.0.1; Nexus 5X Build/MMB29P) AppleWebKit/537.36 (KHTML, like Gecko) Chrome/152.0.7977.82 Mobile Safari/537.36 (compatible; GoogleOther)"
198.204.240.234 - - [14/Sep/2026:18:59:48 -0300] "GET /wp-includes/ad41931d/index.php HTTP/1.1" 200 - "https://tienda.simplesystems.cl/wp-includes/ad41931d/index.php" "Mozilla/5.0 (compatible; MSIE 10.0; Windows NT 6.2; Trident/6.0)"
66.249.74.76 - - [14/Sep/2026:19:02:48 -0300] "GET /27070701 HTTP/1.1" 200 155975 "-" "Mozilla/5.0 (Linux; Android 6.0.1; Nexus 5X Build/MMB29P) AppleWebKit/537.36 (KHTML, like Gecko) Chrome/152.0.7977.82 Mobile Safari/537.36 (compatible; GoogleOther)"
66.249.74.78 - - [14/Sep/2026:19:03:58 -0300] "GET /u10447123841 HTTP/1.1" 200 164989 "-" "Mozilla/5.0 (Linux; Android 6.0.1; Nexus 5X Build/MMB29P) AppleWebKit/537.36 (KHTML, like Gecko) Chrome/152.0.7977.82 Mobile Safari/537.36 (compatible; GoogleOther)"
66.249.74.78 - - [14/Sep/2026:19:06:52 -0300] "GET /outlet/027000431.html HTTP/1.1" 200 158662 "-" "Mozilla/5.0 (Linux; Android 6.0.1; Nexus 5X Build/MMB29P) AppleWebKit/537.36 (KHTML, like Gecko) Chrome/152.0.7977.82 Mobile Safari/537.36 (compatible; Googlebot/2.1; +http://www.google.com/bot.html)"
66.249.74.76 - - [14/Sep/2026:19:07:11 -0300] "GET /special/247045052.html HTTP/1.1" 200 162710 "-" "Mozilla/5.0 (Linux; Android 6.0.1; Nexus 5X Build/MMB29P) AppleWebKit/537.36 (KHTML, like Gecko) Chrome/152.0.7977.82 Mobile Safari/537.36 (compatible; GoogleOther)"
66.249.74.77 - - [14/Sep/2026:19:08:18 -0300] "GET /328794877 HTTP/1.1" 200 158736 "-" "Mozilla/5.0 (Linux; Android 6.0.1; Nexus 5X Build/MMB29P) AppleWebKit/537.36 (KHTML, like Gecko) Chrome/152.0.7977.82 Mobile Safari/537.36 (compatible; Googlebot/2.1; +http://www.google.com/bot.html)"
66.249.74.77 - - [14/Sep/2026:19:08:41 -0300] "GET /3070749 HTTP/1.1" 200 166948 "-" "Mozilla/5.0 (Linux; Android 6.0.1; Nexus 5X Build/MMB29P) AppleWebKit/537.36 (KHTML, like Gecko) Chrome/152.0.7977.82 Mobile Safari/537.36 (compatible; GoogleOther)"
66.249.74.76 - - [14/Sep/2026:19:10:21 -0300] "GET /8729118 HTTP/1.1" 200 169789 "-" "Mozilla/5.0 (Linux; Android 6.0.1; Nexus 5X Build/MMB29P) AppleWebKit/537.36 (KHTML, like Gecko) Chrome/152.0.7977.82 Mobile Safari/537.36 (compatible; GoogleOther)"
66.249.74.76 - - [14/Sep/2026:19:10:44 -0300] "GET /outlet/042000278.html HTTP/1.1" 200 165121 "-" "Mozilla/5.0 (Linux; Android 6.0.1; Nexus 5X Build/MMB29P) AppleWebKit/537.36 (KHTML, like Gecko) Chrome/152.0.7977.82 Mobile Safari/537.36 (compatible; Googlebot/2.1; +http://www.google.com/bot.html)"
66.249.74.76 - - [14/Sep/2026:19:10:50 -0300] "GET /?detail/22303091559868 HTTP/1.1" 200 153932 "-" "Mozilla/5.0 (Linux; Android 6.0.1; Nexus 5X Build/MMB29P) AppleWebKit/537.36 (KHTML, like Gecko) Chrome/152.0.7977.82 Mobile Safari/537.36 (compatible; Googlebot/2.1; +http://www.google.com/bot.html)"
66.249.74.77 - - [14/Sep/2026:19:11:05 -0300] "GET /special/027000268.html HTTP/1.1" 200 173118 "-" "Mozilla/5.0 (Linux; Android 6.0.1; Nexus 5X Build/MMB29P) AppleWebKit/537.36 (KHTML, like Gecko) Chrome/152.0.7977.82 Mobile Safari/537.36 (compatible; Googlebot/2.1; +http://www.google.com/bot.html)"
66.249.74.77 - - [14/Sep/2026:19:11:15 -0300] "GET /2972883 HTTP/1.1" 200 162586 "-" "Mozilla/5.0 (Linux; Android 6.0.1; Nexus 5X Build/MMB29P) AppleWebKit/537.36 (KHTML, like Gecko) Chrome/152.0.7977.82 Mobile Safari/537.36 (compatible; Googlebot/2.1; +http://www.google.com/bot.html)"
66.249.74.78 - - [14/Sep/2026:19:13:33 -0300] "GET /396481918 HTTP/1.1" 200 165533 "-" "Mozilla/5.0 (Linux; Android 6.0.1; Nexus 5X Build/MMB29P) AppleWebKit/537.36 (KHTML, like Gecko) Chrome/152.0.7977.82 Mobile Safari/537.36 (compatible; GoogleOther)"
66.249.74.78 - - [14/Sep/2026:19:14:36 -0300] "GET /category/1_67_68/1/listing HTTP/1.1" 200 156980 "-" "Mozilla/5.0 (Linux; Android 6.0.1; Nexus 5X Build/MMB29P) AppleWebKit/537.36 (KHTML, like Gecko) Chrome/152.0.7977.82 Mobile Safari/537.36 (compatible; GoogleOther)"
66.249.74.77 - - [14/Sep/2026:19:16:47 -0300] "GET /shop/pg/1005024010/ HTTP/1.1" 200 166819 "-" "Mozilla/5.0 (Linux; Android 6.0.1; Nexus 5X Build/MMB29P) AppleWebKit/537.36 (KHTML, like Gecko) Chrome/152.0.7977.82 Mobile Safari/537.36 (compatible; GoogleOther)"
66.249.74.76 - - [14/Sep/2026:19:19:56 -0300] "GET /10088811 HTTP/1.1" 200 161565 "-" "Mozilla/5.0 (Linux; Android 6.0.1; Nexus 5X Build/MMB29P) AppleWebKit/537.36 (KHTML, like Gecko) Chrome/152.0.7977.82 Mobile Safari/537.36 (compatible; GoogleOther)"
66.249.74.76 - - [14/Sep/2026:19:20:27 -0300] "GET /826513511 HTTP/1.1" 200 157703 "-" "Mozilla/5.0 (Linux; Android 6.0.1; Nexus 5X Build/MMB29P) AppleWebKit/537.36 (KHTML, like Gecko) Chrome/152.0.7977.82 Mobile Safari/537.36 (compatible; GoogleOther)"
66.249.74.77 - - [14/Sep/2026:19:22:52 -0300] "GET /outlet/042000278.html HTTP/1.1" 200 164956 "-" "Mozilla/5.0 (Linux; Android 6.0.1; Nexus 5X Build/MMB29P) AppleWebKit/537.36 (KHTML, like Gecko) Chrome/152.0.7977.82 Mobile Safari/537.36 (compatible; GoogleOther)"
66.249.74.76 - - [14/Sep/2026:19:23:07 -0300] "GET /9033992 HTTP/1.1" 200 164200 "-" "Mozilla/5.0 (Linux; Android 6.0.1; Nexus 5X Build/MMB29P) AppleWebKit/537.36 (KHTML, like Gecko) Chrome/152.0.7977.82 Mobile Safari/537.36 (compatible; GoogleOther)"
66.249.74.78 - - [14/Sep/2026:19:24:35 -0300] "GET /8729118 HTTP/1.1" 200 170035 "-" "Mozilla/5.0 (Linux; Android 6.0.1; Nexus 5X Build/MMB29P) AppleWebKit/537.36 (KHTML, like Gecko) Chrome/152.0.7977.82 Mobile Safari/537.36 (compatible; Googlebot/2.1; +http://www.google.com/bot.html)"
66.249.74.76 - - [14/Sep/2026:19:25:55 -0300] "GET /55227127 HTTP/1.1" 200 172648 "-" "Mozilla/5.0 (Linux; Android 6.0.1; Nexus 5X Build/MMB29P) AppleWebKit/537.36 (KHTML, like Gecko) Chrome/152.0.7977.82 Mobile Safari/537.36 (compatible; GoogleOther)"
66.249.74.78 - - [14/Sep/2026:19:26:18 -0300] "GET /19186424 HTTP/1.1" 200 163248 "-" "Mozilla/5.0 (Linux; Android 6.0.1; Nexus 5X Build/MMB29P) AppleWebKit/537.36 (KHTML, like Gecko) Chrome/152.0.7977.82 Mobile Safari/537.36 (compatible; GoogleOther)"
66.249.74.76 - - [14/Sep/2026:19:26:23 -0300] "GET /category/5_840/1/listing HTTP/1.1" 200 161080 "-" "Mozilla/5.0 (Linux; Android 6.0.1; Nexus 5X Build/MMB29P) AppleWebKit/537.36 (KHTML, like Gecko) Chrome/152.0.7977.82 Mobile Safari/537.36 (compatible; GoogleOther)"
66.249.74.77 - - [14/Sep/2026:19:29:28 -0300] "GET /231886827 HTTP/1.1" 200 152723 "-" "Mozilla/5.0 (Linux; Android 6.0.1; Nexus 5X Build/MMB29P) AppleWebKit/537.36 (KHTML, like Gecko) Chrome/152.0.7977.82 Mobile Safari/537.36 (compatible; Googlebot/2.1; +http://www.google.com/bot.html)"
66.249.74.76 - - [14/Sep/2026:19:29:31 -0300] "GET /236586844 HTTP/1.1" 200 159044 "-" "Mozilla/5.0 (Linux; Android 6.0.1; Nexus 5X Build/MMB29P) AppleWebKit/537.36 (KHTML, like Gecko) Chrome/152.0.7977.82 Mobile Safari/537.36 (compatible; GoogleOther)"
66.249.74.77 - - [14/Sep/2026:19:32:08 -0300] "GET /special/053000878.html HTTP/1.1" 200 165098 "-" "Mozilla/5.0 (Linux; Android 6.0.1; Nexus 5X Build/MMB29P) AppleWebKit/537.36 (KHTML, like Gecko) Chrome/152.0.7977.82 Mobile Safari/537.36 (compatible; GoogleOther)"
66.249.74.77 - - [14/Sep/2026:19:32:44 -0300] "GET /433245581 HTTP/1.1" 200 157945 "-" "Mozilla/5.0 (Linux; Android 6.0.1; Nexus 5X Build/MMB29P) AppleWebKit/537.36 (KHTML, like Gecko) Chrome/152.0.7977.82 Mobile Safari/537.36 (compatible; GoogleOther)"
198.204.240.234 - - [14/Sep/2026:19:34:00 -0300] "GET /wp-includes/ad41931d/index.php HTTP/1.1" 200 15 "https://tienda.simplesystems.cl/wp-includes/ad41931d/index.php" "Mozilla/5.0 (Macintosh; U; Intel Mac OS X; ja-jp) AppleWebKit/523.10.3 (KHTML, like Gecko) Version/3.0.4 Safari/523.10"
198.204.240.234 - - [14/Sep/2026:19:34:40 -0300] "GET /wp-includes/ad41931d/index.php HTTP/1.1" 200 6 "https://tienda.simplesystems.cl/wp-includes/ad41931d/index.php" "Mozilla/5.0 (Macintosh; Intel Mac OS X 10_6_8) AppleWebKit/535.1 (KHTML, like Gecko) Chrome/13.0.782.112 Safari/535.1"
66.249.74.78 - - [14/Sep/2026:19:35:54 -0300] "GET /8623932 HTTP/1.1" 200 161196 "-" "Mozilla/5.0 (Linux; Android 6.0.1; Nexus 5X Build/MMB29P) AppleWebKit/537.36 (KHTML, like Gecko) Chrome/152.0.7977.82 Mobile Safari/537.36 (compatible; GoogleOther)"
66.249.74.76 - - [14/Sep/2026:19:37:35 -0300] "GET /outlet/084000388.html HTTP/1.1" 200 157717 "-" "Mozilla/5.0 (Linux; Android 6.0.1; Nexus 5X Build/MMB29P) AppleWebKit/537.36 (KHTML, like Gecko) Chrome/152.0.7977.82 Mobile Safari/537.36 (compatible; GoogleOther)"
66.249.74.77 - - [14/Sep/2026:19:37:39 -0300] "GET /outlet/027005931.html HTTP/1.1" 200 167198 "-" "Mozilla/5.0 (Linux; Android 6.0.1; Nexus 5X Build/MMB29P) AppleWebKit/537.36 (KHTML, like Gecko) Chrome/152.0.7977.82 Mobile Safari/537.36 (compatible; GoogleOther)"
66.249.74.78 - - [14/Sep/2026:19:38:03 -0300] "GET /692632758 HTTP/1.1" 200 161893 "-" "Mozilla/5.0 (Linux; Android 6.0.1; Nexus 5X Build/MMB29P) AppleWebKit/537.36 (KHTML, like Gecko) Chrome/152.0.7977.82 Mobile Safari/537.36 (compatible; GoogleOther)"
66.249.74.78 - - [14/Sep/2026:19:39:07 -0300] "GET /special/075000878.html HTTP/1.1" 200 154352 "-" "Mozilla/5.0 (Linux; Android 6.0.1; Nexus 5X Build/MMB29P) AppleWebKit/537.36 (KHTML, like Gecko) Chrome/152.0.7977.82 Mobile Safari/537.36 (compatible; GoogleOther)"
66.249.74.78 - - [14/Sep/2026:19:40:51 -0300] "GET /618280875 HTTP/1.1" 200 164623 "-" "Mozilla/5.0 (Linux; Android 6.0.1; Nexus 5X Build/MMB29P) AppleWebKit/537.36 (KHTML, like Gecko) Chrome/152.0.7977.82 Mobile Safari/537.36 (compatible; Googlebot/2.1; +http://www.google.com/bot.html)"
66.249.74.78 - - [14/Sep/2026:19:42:18 -0300] "GET /7777168 HTTP/1.1" 200 160978 "-" "Mozilla/5.0 (Linux; Android 6.0.1; Nexus 5X Build/MMB29P) AppleWebKit/537.36 (KHTML, like Gecko) Chrome/152.0.7977.82 Mobile Safari/537.36 (compatible; GoogleOther)"
66.249.74.77 - - [14/Sep/2026:19:43:52 -0300] "GET /4970954 HTTP/1.1" 200 161955 "-" "Mozilla/5.0 (Linux; Android 6.0.1; Nexus 5X Build/MMB29P) AppleWebKit/537.36 (KHTML, like Gecko) Chrome/152.0.7977.82 Mobile Safari/537.36 (compatible; GoogleOther)"
66.249.74.77 - - [14/Sep/2026:19:45:28 -0300] "GET /category/172_5219/1/listing HTTP/1.1" 200 162683 "-" "Mozilla/5.0 (Linux; Android 6.0.1; Nexus 5X Build/MMB29P) AppleWebKit/537.36 (KHTML, like Gecko) Chrome/152.0.7977.82 Mobile Safari/537.36 (compatible; GoogleOther)"
66.249.74.78 - - [14/Sep/2026:19:48:43 -0300] "GET /983048130 HTTP/1.1" 200 172485 "-" "Mozilla/5.0 (Linux; Android 6.0.1; Nexus 5X Build/MMB29P) AppleWebKit/537.36 (KHTML, like Gecko) Chrome/152.0.7977.82 Mobile Safari/537.36 (compatible; GoogleOther)"
66.249.74.77 - - [14/Sep/2026:19:49:50 -0300] "GET /?goods/018000834 HTTP/1.1" 200 161258 "-" "Mozilla/5.0 (Linux; Android 6.0.1; Nexus 5X Build/MMB29P) AppleWebKit/537.36 (KHTML, like Gecko) Chrome/152.0.7977.82 Mobile Safari/537.36 (compatible; GoogleOther)"
66.249.74.76 - - [14/Sep/2026:19:49:55 -0300] "GET /outlet/090001432.html HTTP/1.1" 200 157627 "-" "Mozilla/5.0 (Linux; Android 6.0.1; Nexus 5X Build/MMB29P) AppleWebKit/537.36 (KHTML, like Gecko) Chrome/152.0.7977.82 Mobile Safari/537.36 (compatible; GoogleOther)"
66.249.74.77 - - [14/Sep/2026:19:51:10 -0300] "GET /goods.php HTTP/1.1" 200 159766 "-" "Mozilla/5.0 (Linux; Android 6.0.1; Nexus 5X Build/MMB29P) AppleWebKit/537.36 (KHTML, like Gecko) Chrome/152.0.7977.82 Mobile Safari/537.36 (compatible; Googlebot/2.1; +http://www.google.com/bot.html)"
66.249.74.77 - - [14/Sep/2026:19:51:44 -0300] "GET /317930200 HTTP/1.1" 200 157997 "-" "Mozilla/5.0 (Linux; Android 6.0.1; Nexus 5X Build/MMB29P) AppleWebKit/537.36 (KHTML, like Gecko) Chrome/152.0.7977.82 Mobile Safari/537.36 (compatible; GoogleOther)"
66.249.74.76 - - [14/Sep/2026:19:53:39 -0300] "GET /4961553 HTTP/1.1" 200 161991 "-" "Mozilla/5.0 (Linux; Android 6.0.1; Nexus 5X Build/MMB29P) AppleWebKit/537.36 (KHTML, like Gecko) Chrome/152.0.7977.82 Mobile Safari/537.36 (compatible; GoogleOther)"
66.249.74.78 - - [14/Sep/2026:19:54:53 -0300] "GET /894578351 HTTP/1.1" 200 161714 "-" "Mozilla/5.0 (Linux; Android 6.0.1; Nexus 5X Build/MMB29P) AppleWebKit/537.36 (KHTML, like Gecko) Chrome/152.0.7977.82 Mobile Safari/537.36 (compatible; GoogleOther)"
66.249.74.78 - - [14/Sep/2026:19:57:54 -0300] "GET /3135383 HTTP/1.1" 200 159262 "-" "Mozilla/5.0 (Linux; Android 6.0.1; Nexus 5X Build/MMB29P) AppleWebKit/537.36 (KHTML, like Gecko) Chrome/152.0.7977.82 Mobile Safari/537.36 (compatible; GoogleOther)"
66.249.74.77 - - [14/Sep/2026:19:58:26 -0300] "GET /9034355 HTTP/1.1" 200 165856 "-" "Mozilla/5.0 (Linux; Android 6.0.1; Nexus 5X Build/MMB29P) AppleWebKit/537.36 (KHTML, like Gecko) Chrome/152.0.7977.82 Mobile Safari/537.36 (compatible; GoogleOther)"
66.249.74.76 - - [14/Sep/2026:19:58:39 -0300] "GET /?goods/018000834 HTTP/1.1" 200 161075 "-" "Mozilla/5.0 (Linux; Android 6.0.1; Nexus 5X Build/MMB29P) AppleWebKit/537.36 (KHTML, like Gecko) Chrome/152.0.7977.82 Mobile Safari/537.36 (compatible; Googlebot/2.1; +http://www.google.com/bot.html)"
66.249.74.78 - - [14/Sep/2026:20:00:59 -0300] "GET /6904284 HTTP/1.1" 200 168353 "-" "Mozilla/5.0 (Linux; Android 6.0.1; Nexus 5X Build/MMB29P) AppleWebKit/537.36 (KHTML, like Gecko) Chrome/152.0.7977.82 Mobile Safari/537.36 (compatible; GoogleOther)"
66.249.74.76 - - [14/Sep/2026:20:01:27 -0300] "GET /outlet/170027652.html HTTP/1.1" 200 144367 "-" "Mozilla/5.0 (Linux; Android 6.0.1; Nexus 5X Build/MMB29P) AppleWebKit/537.36 (KHTML, like Gecko) Chrome/152.0.7977.82 Mobile Safari/537.36 (compatible; Googlebot/2.1; +http://www.google.com/bot.html)"
66.249.74.76 - - [14/Sep/2026:20:03:18 -0300] "GET /shop/customer/bookmark.aspx HTTP/1.1" 200 165387 "-" "Mozilla/5.0 (Linux; Android 6.0.1; Nexus 5X Build/MMB29P) AppleWebKit/537.36 (KHTML, like Gecko) Chrome/152.0.7977.82 Mobile Safari/537.36 (compatible; GoogleOther)"
66.249.74.77 - - [14/Sep/2026:20:04:04 -0300] "GET /14059504 HTTP/1.1" 200 167800 "-" "Mozilla/5.0 (Linux; Android 6.0.1; Nexus 5X Build/MMB29P) AppleWebKit/537.36 (KHTML, like Gecko) Chrome/152.0.7977.82 Mobile Safari/537.36 (compatible; GoogleOther)"
66.249.74.77 - - [14/Sep/2026:20:07:11 -0300] "GET /7083374 HTTP/1.1" 200 161141 "-" "Mozilla/5.0 (Linux; Android 6.0.1; Nexus 5X Build/MMB29P) AppleWebKit/537.36 (KHTML, like Gecko) Chrome/152.0.7977.82 Mobile Safari/537.36 (compatible; GoogleOther)"
66.249.74.76 - - [14/Sep/2026:20:07:23 -0300] "GET /special/006000437.html HTTP/1.1" 200 175958 "-" "Mozilla/5.0 (Linux; Android 6.0.1; Nexus 5X Build/MMB29P) AppleWebKit/537.36 (KHTML, like Gecko) Chrome/152.0.7977.82 Mobile Safari/537.36 (compatible; Googlebot/2.1; +http://www.google.com/bot.html)"
66.249.74.77 - - [14/Sep/2026:20:08:10 -0300] "GET /2606265 HTTP/1.1" 200 159705 "-" "Mozilla/5.0 (Linux; Android 6.0.1; Nexus 5X Build/MMB29P) AppleWebKit/537.36 (KHTML, like Gecko) Chrome/152.0.7977.82 Mobile Safari/537.36 (compatible; GoogleOther)"
198.204.240.234 - - [14/Sep/2026:20:08:37 -0300] "GET /wp-includes/ad41931d/index.php HTTP/1.1" 200 6 "https://tienda.simplesystems.cl/wp-includes/ad41931d/index.php" "Mozilla/5.0 (Macintosh; Intel Mac OS X 10_6_8) AppleWebKit/535.7 (KHTML, like Gecko) Chrome/16.0.912.75 Safari/535.7"
198.204.240.234 - - [14/Sep/2026:20:08:17 -0300] "GET /wp-includes/ad41931d/index.php HTTP/1.1" 200 - "https://tienda.simplesystems.cl/wp-includes/ad41931d/index.php" "Mozilla/5.0 (Windows NT 5.1; rv:6.0) Gecko/20100101 Firefox/6.0"
66.249.74.77 - - [14/Sep/2026:20:10:14 -0300] "GET /17961876 HTTP/1.1" 200 166736 "-" "Mozilla/5.0 (Linux; Android 6.0.1; Nexus 5X Build/MMB29P) AppleWebKit/537.36 (KHTML, like Gecko) Chrome/152.0.7977.82 Mobile Safari/537.36 (compatible; GoogleOther)"
66.249.74.76 - - [14/Sep/2026:20:11:45 -0300] "GET /category/5/1/listing HTTP/1.1" 200 170814 "-" "Mozilla/5.0 (Linux; Android 6.0.1; Nexus 5X Build/MMB29P) AppleWebKit/537.36 (KHTML, like Gecko) Chrome/152.0.7977.82 Mobile Safari/537.36 (compatible; Googlebot/2.1; +http://www.google.com/bot.html)"
66.249.74.77 - - [14/Sep/2026:20:13:01 -0300] "GET /77367364 HTTP/1.1" 200 158953 "-" "Mozilla/5.0 (Linux; Android 6.0.1; Nexus 5X Build/MMB29P) AppleWebKit/537.36 (KHTML, like Gecko) Chrome/152.0.7977.82 Mobile Safari/537.36 (compatible; GoogleOther)"
66.249.74.76 - - [14/Sep/2026:20:13:19 -0300] "GET /4085512 HTTP/1.1" 200 162278 "-" "Mozilla/5.0 (Linux; Android 6.0.1; Nexus 5X Build/MMB29P) AppleWebKit/537.36 (KHTML, like Gecko) Chrome/152.0.7977.82 Mobile Safari/537.36 (compatible; GoogleOther)"
66.249.74.77 - - [14/Sep/2026:20:15:31 -0300] "GET /shop/pg/1005024164 HTTP/1.1" 200 171140 "-" "Mozilla/5.0 (Linux; Android 6.0.1; Nexus 5X Build/MMB29P) AppleWebKit/537.36 (KHTML, like Gecko) Chrome/152.0.7977.82 Mobile Safari/537.36 (compatible; Googlebot/2.1; +http://www.google.com/bot.html)"
66.249.74.76 - - [14/Sep/2026:20:15:55 -0300] "GET /v11001789261 HTTP/1.1" 200 162819 "-" "Mozilla/5.0 (Linux; Android 6.0.1; Nexus 5X Build/MMB29P) AppleWebKit/537.36 (KHTML, like Gecko) Chrome/152.0.7977.82 Mobile Safari/537.36 (compatible; GoogleOther)"
66.249.74.76 - - [14/Sep/2026:20:16:24 -0300] "GET /5788492 HTTP/1.1" 200 165471 "-" "Mozilla/5.0 (Linux; Android 6.0.1; Nexus 5X Build/MMB29P) AppleWebKit/537.36 (KHTML, like Gecko) Chrome/152.0.7977.82 Mobile Safari/537.36 (compatible; GoogleOther)"
66.249.74.76 - - [14/Sep/2026:20:17:52 -0300] "GET /special/020000643.html HTTP/1.1" 200 159657 "-" "Mozilla/5.0 (Linux; Android 6.0.1; Nexus 5X Build/MMB29P) AppleWebKit/537.36 (KHTML, like Gecko) Chrome/152.0.7977.82 Mobile Safari/537.36 (compatible; GoogleOther)"
66.249.74.77 - - [14/Sep/2026:20:19:29 -0300] "GET /714056159 HTTP/1.1" 200 164606 "-" "Mozilla/5.0 (Linux; Android 6.0.1; Nexus 5X Build/MMB29P) AppleWebKit/537.36 (KHTML, like Gecko) Chrome/152.0.7977.82 Mobile Safari/537.36 (compatible; GoogleOther)"
66.249.74.78 - - [14/Sep/2026:20:22:04 -0300] "GET /e11842941671 HTTP/1.1" 200 162911 "-" "Mozilla/5.0 (Linux; Android 6.0.1; Nexus 5X Build/MMB29P) AppleWebKit/537.36 (KHTML, like Gecko) Chrome/152.0.7977.82 Mobile Safari/537.36 (compatible; Googlebot/2.1; +http://www.google.com/bot.html)"
66.249.74.76 - - [14/Sep/2026:20:22:35 -0300] "GET /3945143 HTTP/1.1" 200 165993 "-" "Mozilla/5.0 (Linux; Android 6.0.1; Nexus 5X Build/MMB29P) AppleWebKit/537.36 (KHTML, like Gecko) Chrome/152.0.7977.82 Mobile Safari/537.36 (compatible; GoogleOther)"
66.249.74.76 - - [14/Sep/2026:20:22:45 -0300] "GET /789849414 HTTP/1.1" 200 155794 "-" "Mozilla/5.0 (Linux; Android 6.0.1; Nexus 5X Build/MMB29P) AppleWebKit/537.36 (KHTML, like Gecko) Chrome/152.0.7977.82 Mobile Safari/537.36 (compatible; GoogleOther)"
66.249.74.78 - - [14/Sep/2026:20:25:41 -0300] "GET /82400636 HTTP/1.1" 200 158598 "-" "Mozilla/5.0 (Linux; Android 6.0.1; Nexus 5X Build/MMB29P) AppleWebKit/537.36 (KHTML, like Gecko) Chrome/152.0.7977.82 Mobile Safari/537.36 (compatible; GoogleOther)"
66.249.74.76 - - [14/Sep/2026:20:27:35 -0300] "GET /125904467 HTTP/1.1" 200 163211 "-" "Mozilla/5.0 (Linux; Android 6.0.1; Nexus 5X Build/MMB29P) AppleWebKit/537.36 (KHTML, like Gecko) Chrome/152.0.7977.82 Mobile Safari/537.36 (compatible; GoogleOther)"
66.249.74.77 - - [14/Sep/2026:20:28:44 -0300] "GET /31728357 HTTP/1.1" 200 158914 "-" "Mozilla/5.0 (Linux; Android 6.0.1; Nexus 5X Build/MMB29P) AppleWebKit/537.36 (KHTML, like Gecko) Chrome/152.0.7977.82 Mobile Safari/537.36 (compatible; GoogleOther)"
66.249.74.77 - - [14/Sep/2026:20:31:44 -0300] "GET /e11393106031 HTTP/1.1" 200 157237 "-" "Mozilla/5.0 (Linux; Android 6.0.1; Nexus 5X Build/MMB29P) AppleWebKit/537.36 (KHTML, like Gecko) Chrome/152.0.7977.82 Mobile Safari/537.36 (compatible; GoogleOther)"
66.249.74.77 - - [14/Sep/2026:20:31:50 -0300] "GET /160308900 HTTP/1.1" 200 156543 "-" "Mozilla/5.0 (Linux; Android 6.0.1; Nexus 5X Build/MMB29P) AppleWebKit/537.36 (KHTML, like Gecko) Chrome/152.0.7977.82 Mobile Safari/537.36 (compatible; GoogleOther)"
66.249.74.76 - - [14/Sep/2026:20:31:56 -0300] "GET /v12380384901 HTTP/1.1" 200 168287 "-" "Mozilla/5.0 (Linux; Android 6.0.1; Nexus 5X Build/MMB29P) AppleWebKit/537.36 (KHTML, like Gecko) Chrome/152.0.7977.82 Mobile Safari/537.36 (compatible; GoogleOther)"
66.249.74.77 - - [14/Sep/2026:20:32:02 -0300] "GET /category/5_2934_2935/1/listing HTTP/1.1" 200 171013 "-" "Mozilla/5.0 (Linux; Android 6.0.1; Nexus 5X Build/MMB29P) AppleWebKit/537.36 (KHTML, like Gecko) Chrome/152.0.7977.82 Mobile Safari/537.36 (compatible; GoogleOther)"
66.249.74.76 - - [14/Sep/2026:20:32:08 -0300] "GET /v12215171601 HTTP/1.1" 200 161648 "-" "Mozilla/5.0 (Linux; Android 6.0.1; Nexus 5X Build/MMB29P) AppleWebKit/537.36 (KHTML, like Gecko) Chrome/152.0.7977.82 Mobile Safari/537.36 (compatible; GoogleOther)"
66.249.74.76 - - [14/Sep/2026:20:32:21 -0300] "GET / HTTP/1.1" 200 161154 "-" "Mozilla/5.0 (Linux; Android 6.0.1; Nexus 5X Build/MMB29P) AppleWebKit/537.36 (KHTML, like Gecko) Chrome/152.0.7977.82 Mobile Safari/537.36 (compatible; Googlebot/2.1; +http://www.google.com/bot.html)"
66.249.74.76 - - [14/Sep/2026:20:32:26 -0300] "GET /695479335 HTTP/1.1" 200 159220 "-" "Mozilla/5.0 (Linux; Android 6.0.1; Nexus 5X Build/MMB29P) AppleWebKit/537.36 (KHTML, like Gecko) Chrome/152.0.7977.82 Mobile Safari/537.36 (compatible; GoogleOther)"
66.249.74.76 - - [14/Sep/2026:20:34:54 -0300] "GET /7517760 HTTP/1.1" 200 158984 "-" "Mozilla/5.0 (Linux; Android 6.0.1; Nexus 5X Build/MMB29P) AppleWebKit/537.36 (KHTML, like Gecko) Chrome/152.0.7977.82 Mobile Safari/537.36 (compatible; GoogleOther)"
66.249.74.77 - - [14/Sep/2026:20:37:18 -0300] "GET /9753351 HTTP/1.1" 200 158757 "-" "Mozilla/5.0 (Linux; Android 6.0.1; Nexus 5X Build/MMB29P) AppleWebKit/537.36 (KHTML, like Gecko) Chrome/152.0.7977.82 Mobile Safari/537.36 (compatible; GoogleOther)"
66.249.74.77 - - [14/Sep/2026:20:37:52 -0300] "GET /category/484/1/listing HTTP/1.1" 200 158247 "-" "Mozilla/5.0 (Linux; Android 6.0.1; Nexus 5X Build/MMB29P) AppleWebKit/537.36 (KHTML, like Gecko) Chrome/152.0.7977.82 Mobile Safari/537.36 (compatible; GoogleOther)"
66.249.74.78 - - [14/Sep/2026:20:38:01 -0300] "GET /8440089 HTTP/1.1" 200 176130 "-" "Mozilla/5.0 (Linux; Android 6.0.1; Nexus 5X Build/MMB29P) AppleWebKit/537.36 (KHTML, like Gecko) Chrome/152.0.7977.82 Mobile Safari/537.36 (compatible; GoogleOther)"
66.249.74.78 - - [14/Sep/2026:20:41:04 -0300] "GET /743695153 HTTP/1.1" 200 167549 "-" "Mozilla/5.0 (Linux; Android 6.0.1; Nexus 5X Build/MMB29P) AppleWebKit/537.36 (KHTML, like Gecko) Chrome/152.0.7977.82 Mobile Safari/537.36 (compatible; GoogleOther)"
198.204.240.234 - - [14/Sep/2026:20:41:31 -0300] "GET /wp-includes/ad41931d/index.php HTTP/1.1" 200 6 "https://tienda.simplesystems.cl/wp-includes/ad41931d/index.php" "Mozilla/5.0 (Macintosh; U; PPC Mac OS X; ja-jp) AppleWebKit/523.12.2 (KHTML, like Gecko) Version/3.0.4 Safari/523.12.2"
66.249.74.76 - - [14/Sep/2026:20:42:07 -0300] "GET /special/181000838.html HTTP/1.1" 200 158004 "-" "Mozilla/5.0 (Linux; Android 6.0.1; Nexus 5X Build/MMB29P) AppleWebKit/537.36 (KHTML, like Gecko) Chrome/152.0.7977.82 Mobile Safari/537.36 (compatible; GoogleOther)"
66.249.74.77 - - [14/Sep/2026:20:42:12 -0300] "GET /375974116 HTTP/1.1" 200 160101 "-" "Mozilla/5.0 (Linux; Android 6.0.1; Nexus 5X Build/MMB29P) AppleWebKit/537.36 (KHTML, like Gecko) Chrome/152.0.7977.82 Mobile Safari/537.36 (compatible; GoogleOther)"
66.249.74.76 - - [14/Sep/2026:20:42:33 -0300] "GET /outlet/249017661.html HTTP/1.1" 200 158772 "-" "Mozilla/5.0 (Linux; Android 6.0.1; Nexus 5X Build/MMB29P) AppleWebKit/537.36 (KHTML, like Gecko) Chrome/152.0.7977.82 Mobile Safari/537.36 (compatible; GoogleOther)"
66.249.74.76 - - [14/Sep/2026:20:42:36 -0300] "GET /h11860757021 HTTP/1.1" 200 158310 "-" "Mozilla/5.0 (Linux; Android 6.0.1; Nexus 5X Build/MMB29P) AppleWebKit/537.36 (KHTML, like Gecko) Chrome/152.0.7977.82 Mobile Safari/537.36 (compatible; Googlebot/2.1; +http://www.google.com/bot.html)"
198.204.240.234 - - [14/Sep/2026:20:41:11 -0300] "GET /wp-includes/ad41931d/index.php HTTP/1.1" 200 - "https://tienda.simplesystems.cl/wp-includes/ad41931d/index.php" "Mozilla/5.0 (Macintosh; Intel Mac OS X 10_6_8) AppleWebKit/534.57.2 (KHTML, like Gecko) Version/5.1.7 Safari/534.57.2"
66.249.74.77 - - [14/Sep/2026:20:43:12 -0300] "GET /46594156 HTTP/1.1" 200 150149 "-" "Mozilla/5.0 (Linux; Android 6.0.1; Nexus 5X Build/MMB29P) AppleWebKit/537.36 (KHTML, like Gecko) Chrome/152.0.7977.82 Mobile Safari/537.36 (compatible; GoogleOther)"
66.249.74.76 - - [14/Sep/2026:20:44:51 -0300] "GET /7533424 HTTP/1.1" 200 162377 "-" "Mozilla/5.0 (Linux; Android 6.0.1; Nexus 5X Build/MMB29P) AppleWebKit/537.36 (KHTML, like Gecko) Chrome/152.0.7977.82 Mobile Safari/537.36 (compatible; GoogleOther)"
66.249.74.77 - - [14/Sep/2026:20:45:21 -0300] "GET /243519626 HTTP/1.1" 200 158510 "-" "Mozilla/5.0 (Linux; Android 6.0.1; Nexus 5X Build/MMB29P) AppleWebKit/537.36 (KHTML, like Gecko) Chrome/152.0.7977.82 Mobile Safari/537.36 (compatible; GoogleOther)"
66.249.74.77 - - [14/Sep/2026:20:47:30 -0300] "GET /5898571 HTTP/1.1" 200 159205 "-" "Mozilla/5.0 (Linux; Android 6.0.1; Nexus 5X Build/MMB29P) AppleWebKit/537.36 (KHTML, like Gecko) Chrome/152.0.7977.82 Mobile Safari/537.36 (compatible; GoogleOther)"
66.249.74.77 - - [14/Sep/2026:20:48:37 -0300] "GET /53070752 HTTP/1.1" 200 163883 "-" "Mozilla/5.0 (Linux; Android 6.0.1; Nexus 5X Build/MMB29P) AppleWebKit/537.36 (KHTML, like Gecko) Chrome/152.0.7977.82 Mobile Safari/537.36 (compatible; GoogleOther)"
66.249.74.77 - - [14/Sep/2026:20:49:38 -0300] "GET /72426295 HTTP/1.1" 200 157536 "-" "Mozilla/5.0 (Linux; Android 6.0.1; Nexus 5X Build/MMB29P) AppleWebKit/537.36 (KHTML, like Gecko) Chrome/152.0.7977.82 Mobile Safari/537.36 (compatible; GoogleOther)"
66.249.74.77 - - [14/Sep/2026:20:51:48 -0300] "GET /1935743 HTTP/1.1" 200 172698 "-" "Mozilla/5.0 (Linux; Android 6.0.1; Nexus 5X Build/MMB29P) AppleWebKit/537.36 (KHTML, like Gecko) Chrome/152.0.7977.82 Mobile Safari/537.36 (compatible; GoogleOther)"
66.249.74.78 - - [14/Sep/2026:20:52:21 -0300] "GET /1673645 HTTP/1.1" 200 161660 "-" "Mozilla/5.0 (Linux; Android 6.0.1; Nexus 5X Build/MMB29P) AppleWebKit/537.36 (KHTML, like Gecko) Chrome/152.0.7977.82 Mobile Safari/537.36 (compatible; GoogleOther)"
66.249.74.77 - - [14/Sep/2026:20:52:45 -0300] "GET /2113247 HTTP/1.1" 200 161609 "-" "Mozilla/5.0 (Linux; Android 6.0.1; Nexus 5X Build/MMB29P) AppleWebKit/537.36 (KHTML, like Gecko) Chrome/152.0.7977.82 Mobile Safari/537.36 (compatible; Googlebot/2.1; +http://www.google.com/bot.html)"
66.249.74.77 - - [14/Sep/2026:20:53:57 -0300] "GET /736218659 HTTP/1.1" 200 154598 "-" "Mozilla/5.0 (Linux; Android 6.0.1; Nexus 5X Build/MMB29P) AppleWebKit/537.36 (KHTML, like Gecko) Chrome/152.0.7977.82 Mobile Safari/537.36 (compatible; GoogleOther)"
66.249.74.78 - - [14/Sep/2026:20:56:05 -0300] "GET /9971392 HTTP/1.1" 200 165727 "-" "Mozilla/5.0 (Linux; Android 6.0.1; Nexus 5X Build/MMB29P) AppleWebKit/537.36 (KHTML, like Gecko) Chrome/152.0.7977.82 Mobile Safari/537.36 (compatible; GoogleOther)"
66.249.74.77 - - [14/Sep/2026:20:56:09 -0300] "GET /3079658 HTTP/1.1" 200 164783 "-" "Mozilla/5.0 (Linux; Android 6.0.1; Nexus 5X Build/MMB29P) AppleWebKit/537.36 (KHTML, like Gecko) Chrome/152.0.7977.82 Mobile Safari/537.36 (compatible; GoogleOther)"
66.249.74.77 - - [14/Sep/2026:20:58:53 -0300] "GET /491933722 HTTP/1.1" 200 162127 "-" "Mozilla/5.0 (Linux; Android 6.0.1; Nexus 5X Build/MMB29P) AppleWebKit/537.36 (KHTML, like Gecko) Chrome/152.0.7977.82 Mobile Safari/537.36 (compatible; GoogleOther)"
66.249.74.77 - - [14/Sep/2026:20:59:54 -0300] "GET /9728027 HTTP/1.1" 200 162509 "-" "Mozilla/5.0 (Linux; Android 6.0.1; Nexus 5X Build/MMB29P) AppleWebKit/537.36 (KHTML, like Gecko) Chrome/152.0.7977.82 Mobile Safari/537.36 (compatible; GoogleOther)"
66.249.74.76 - - [14/Sep/2026:21:00:22 -0300] "GET /54833226 HTTP/1.1" 200 165837 "-" "Mozilla/5.0 (Linux; Android 6.0.1; Nexus 5X Build/MMB29P) AppleWebKit/537.36 (KHTML, like Gecko) Chrome/152.0.7977.82 Mobile Safari/537.36 (compatible; GoogleOther)"
66.249.74.77 - - [14/Sep/2026:21:02:31 -0300] "GET /135077047 HTTP/1.1" 200 165601 "-" "Mozilla/5.0 (Linux; Android 6.0.1; Nexus 5X Build/MMB29P) AppleWebKit/537.36 (KHTML, like Gecko) Chrome/152.0.7977.82 Mobile Safari/537.36 (compatible; GoogleOther)"
66.249.74.77 - - [14/Sep/2026:21:03:38 -0300] "GET /9091270 HTTP/1.1" 200 168438 "-" "Mozilla/5.0 (Linux; Android 6.0.1; Nexus 5X Build/MMB29P) AppleWebKit/537.36 (KHTML, like Gecko) Chrome/152.0.7977.82 Mobile Safari/537.36 (compatible; GoogleOther)"
66.249.74.77 - - [14/Sep/2026:21:04:55 -0300] "GET /496349976 HTTP/1.1" 200 168485 "-" "Mozilla/5.0 (Linux; Android 6.0.1; Nexus 5X Build/MMB29P) AppleWebKit/537.36 (KHTML, like Gecko) Chrome/152.0.7977.82 Mobile Safari/537.36 (compatible; GoogleOther)"
66.249.74.78 - - [14/Sep/2026:21:05:55 -0300] "GET /outlet/046000312.html HTTP/1.1" 200 162676 "-" "Mozilla/5.0 (Linux; Android 6.0.1; Nexus 5X Build/MMB29P) AppleWebKit/537.36 (KHTML, like Gecko) Chrome/152.0.7977.82 Mobile Safari/537.36 (compatible; GoogleOther)"
66.249.74.76 - - [14/Sep/2026:21:06:50 -0300] "GET /934555905 HTTP/1.1" 200 167497 "-" "Mozilla/5.0 (Linux; Android 6.0.1; Nexus 5X Build/MMB29P) AppleWebKit/537.36 (KHTML, like Gecko) Chrome/152.0.7977.82 Mobile Safari/537.36 (compatible; GoogleOther)"
66.249.74.77 - - [14/Sep/2026:21:07:12 -0300] "GET /?detail/150001009998 HTTP/1.1" 200 171980 "-" "Mozilla/5.0 (Linux; Android 6.0.1; Nexus 5X Build/MMB29P) AppleWebKit/537.36 (KHTML, like Gecko) Chrome/152.0.7977.82 Mobile Safari/537.36 (compatible; GoogleOther)"
66.249.74.76 - - [14/Sep/2026:21:07:14 -0300] "GET /385005381 HTTP/1.1" 200 163139 "-" "Mozilla/5.0 (Linux; Android 6.0.1; Nexus 5X Build/MMB29P) AppleWebKit/537.36 (KHTML, like Gecko) Chrome/152.0.7977.82 Mobile Safari/537.36 (compatible; Googlebot/2.1; +http://www.google.com/bot.html)"
66.249.74.76 - - [14/Sep/2026:21:07:23 -0300] "GET /shop/pg/1howto/ HTTP/1.1" 200 156675 "-" "Mozilla/5.0 (Linux; Android 6.0.1; Nexus 5X Build/MMB29P) AppleWebKit/537.36 (KHTML, like Gecko) Chrome/152.0.7977.82 Mobile Safari/537.36 (compatible; GoogleOther)"
66.249.74.78 - - [14/Sep/2026:21:08:58 -0300] "GET /?jp/139003294.html HTTP/1.1" 200 163084 "-" "Mozilla/5.0 (Linux; Android 6.0.1; Nexus 5X Build/MMB29P) AppleWebKit/537.36 (KHTML, like Gecko) Chrome/152.0.7977.82 Mobile Safari/537.36 (compatible; GoogleOther)"
66.249.74.78 - - [14/Sep/2026:21:11:06 -0300] "GET /special/092040647.html HTTP/1.1" 200 162372 "-" "Mozilla/5.0 (Linux; Android 6.0.1; Nexus 5X Build/MMB29P) AppleWebKit/537.36 (KHTML, like Gecko) Chrome/152.0.7977.82 Mobile Safari/537.36 (compatible; GoogleOther)"
66.249.74.77 - - [14/Sep/2026:21:11:10 -0300] "GET /shop/userreview/write.aspx HTTP/1.1" 200 169682 "-" "Mozilla/5.0 (Linux; Android 6.0.1; Nexus 5X Build/MMB29P) AppleWebKit/537.36 (KHTML, like Gecko) Chrome/152.0.7977.82 Mobile Safari/537.36 (compatible; GoogleOther)"
66.249.74.76 - - [14/Sep/2026:21:13:09 -0300] "GET /special/199035954.html HTTP/1.1" 200 148350 "-" "Mozilla/5.0 (Linux; Android 6.0.1; Nexus 5X Build/MMB29P) AppleWebKit/537.36 (KHTML, like Gecko) Chrome/152.0.7977.82 Mobile Safari/537.36 (compatible; Googlebot/2.1; +http://www.google.com/bot.html)"
66.249.74.77 - - [14/Sep/2026:21:13:14 -0300] "GET /category/207_8833/1/listing HTTP/1.1" 200 163015 "-" "Mozilla/5.0 (Linux; Android 6.0.1; Nexus 5X Build/MMB29P) AppleWebKit/537.36 (KHTML, like Gecko) Chrome/152.0.7977.82 Mobile Safari/537.36 (compatible; GoogleOther)"
198.204.240.234 - - [14/Sep/2026:21:14:22 -0300] "GET /wp-includes/ad41931d/index.php HTTP/1.1" 200 6 "https://tienda.simplesystems.cl/wp-includes/ad41931d/index.php" "Mozilla/4.0 (compatible; MSIE 8.0; Windows NT 5.1; Trident/4.0; .NET CLR 2.0.50727; InfoPath.1"
66.249.74.76 - - [14/Sep/2026:21:14:55 -0300] "GET /shop/storeSearch/KeepCriteriaInput.aspx?transition=layaway HTTP/1.1" 200 162188 "-" "Mozilla/5.0 (Linux; Android 6.0.1; Nexus 5X Build/MMB29P) AppleWebKit/537.36 (KHTML, like Gecko) Chrome/152.0.7977.82 Mobile Safari/537.36 (compatible; GoogleOther)"
66.249.74.78 - - [14/Sep/2026:21:15:28 -0300] "GET /category/439_440/1/listing HTTP/1.1" 200 164606 "-" "Mozilla/5.0 (Linux; Android 6.0.1; Nexus 5X Build/MMB29P) AppleWebKit/537.36 (KHTML, like Gecko) Chrome/152.0.7977.82 Mobile Safari/537.36 (compatible; GoogleOther)"
198.204.240.234 - - [14/Sep/2026:21:14:02 -0300] "GET /wp-includes/ad41931d/index.php HTTP/1.1" 200 - "https://tienda.simplesystems.cl/wp-includes/ad41931d/index.php" "Mozilla/5.0 (Macintosh; Intel Mac OS X 10_6_8) AppleWebKit/534.24 (KHTML, like Gecko) Chrome/11.0.696.71 Safari/534.24"
66.249.74.77 - - [14/Sep/2026:21:17:32 -0300] "GET /outlet/058002856.html HTTP/1.1" 200 169354 "-" "Mozilla/5.0 (Linux; Android 6.0.1; Nexus 5X Build/MMB29P) AppleWebKit/537.36 (KHTML, like Gecko) Chrome/152.0.7977.82 Mobile Safari/537.36 (compatible; GoogleOther)"
66.249.74.77 - - [14/Sep/2026:21:18:43 -0300] "GET /25479928 HTTP/1.1" 200 164654 "-" "Mozilla/5.0 (Linux; Android 6.0.1; Nexus 5X Build/MMB29P) AppleWebKit/537.36 (KHTML, like Gecko) Chrome/152.0.7977.82 Mobile Safari/537.36 (compatible; GoogleOther)"
66.249.74.76 - - [14/Sep/2026:21:19:44 -0300] "GET /shop/cart/cart.aspx HTTP/1.1" 200 165894 "-" "Mozilla/5.0 (Linux; Android 6.0.1; Nexus 5X Build/MMB29P) AppleWebKit/537.36 (KHTML, like Gecko) Chrome/152.0.7977.82 Mobile Safari/537.36 (compatible; GoogleOther)"
66.249.74.77 - - [14/Sep/2026:21:21:49 -0300] "GET /shop/e/e009001036001/ HTTP/1.1" 200 165273 "-" "Mozilla/5.0 (Linux; Android 6.0.1; Nexus 5X Build/MMB29P) AppleWebKit/537.36 (KHTML, like Gecko) Chrome/152.0.7977.82 Mobile Safari/537.36 (compatible; GoogleOther)"
66.249.74.76 - - [14/Sep/2026:21:22:26 -0300] "GET /39967941 HTTP/1.1" 200 168095 "-" "Mozilla/5.0 (Linux; Android 6.0.1; Nexus 5X Build/MMB29P) AppleWebKit/537.36 (KHTML, like Gecko) Chrome/152.0.7977.82 Mobile Safari/537.36 (compatible; GoogleOther)"
66.249.74.77 - - [14/Sep/2026:21:23:20 -0300] "GET /27070701 HTTP/1.1" 200 156489 "-" "Mozilla/5.0 (Linux; Android 6.0.1; Nexus 5X Build/MMB29P) AppleWebKit/537.36 (KHTML, like Gecko) Chrome/152.0.7977.82 Mobile Safari/537.36 (compatible; Googlebot/2.1; +http://www.google.com/bot.html)"
66.249.74.77 - - [14/Sep/2026:21:23:58 -0300] "GET /shop/pg/1AvailableInfo/ HTTP/1.1" 200 166204 "-" "Mozilla/5.0 (Linux; Android 6.0.1; Nexus 5X Build/MMB29P) AppleWebKit/537.36 (KHTML, like Gecko) Chrome/152.0.7977.82 Mobile Safari/537.36 (compatible; GoogleOther)"
66.249.74.76 - - [14/Sep/2026:21:26:08 -0300] "GET /8742308 HTTP/1.1" 200 161567 "-" "Mozilla/5.0 (Linux; Android 6.0.1; Nexus 5X Build/MMB29P) AppleWebKit/537.36 (KHTML, like Gecko) Chrome/152.0.7977.82 Mobile Safari/537.36 (compatible; GoogleOther)"
